000
CDUS43 KGRB 260637
CLIRHI


CLIMATE REPORT
NATIONAL WEATHER SERVICE GREEN BAY
137 AM CDT SAT MAY 26 2018


...................................

...THE RHINELANDER WI CLIMATE SUMMARY FOR MAY 25 2018...

CLIMATE NORMAL PERIOD 1981 TO 2010
CLIMATE RECORD PERIOD 1908 TO 2018


WEATHER ITEM   OBSERVED TIME   RECORD YEAR NORMAL DEPARTURE LAST
                VALUE   (LST)  VALUE       VALUE  FROM      YEAR
                                                  NORMAL
..................................................................
TEMPERATURE (F)
 YESTERDAY
  MAXIMUM         85    349 PM  89    1911  68     17       74
  MINIMUM         63    344 AM  25    1913  43     20       47
  AVERAGE         74                        56     18       61

PRECIPITATION (IN)
  YESTERDAY        T             1.42 1971   0.11  -0.11     0.00
  MONTH TO DATE    0.78                      2.77  -1.99     5.44
  SINCE MAR 1      5.21                      6.92  -1.71    13.58
  SINCE JAN 1      7.50                      8.96  -1.46    16.94

SNOWFALL (IN)
  YESTERDAY        0.0           T    1961  MM     MM        0.0
  MONTH TO DATE    0.0                      MM     MM        0.0
  SINCE MAR 1     44.3                      MM     MM       14.3
  SINCE JUL 1     99.9                      MM     MM       65.8
  SNOW DEPTH       0

DEGREE DAYS
 HEATING
  YESTERDAY        0                        10    -10        4
  MONTH TO DATE  149                       333   -184      354
  SINCE MAR 1   2383                      2211    172     2122
  SINCE JUL 1   8958                      8833    125     7633

 COOLING
  YESTERDAY        9                         1      8        0
  MONTH TO DATE   27                         3     24        1
  SINCE MAR 1     27                         4     23        1
  SINCE JAN 1     27                         4     23        1
..................................................................


WIND (MPH)
  HIGHEST WIND SPEED    17   HIGHEST WIND DIRECTION    SW (230)
  HIGHEST GUST SPEED    25   HIGHEST GUST DIRECTION    SW (220)
  AVERAGE WIND SPEED     9.0


SKY COVER
  POSSIBLE SUNSHINE  MM
  AVERAGE SKY COVER 0.3


WEATHER CONDITIONS
 THE FOLLOWING WEATHER WAS RECORDED YESTERDAY.
  THUNDERSTORM


RELATIVE HUMIDITY (PERCENT)
 HIGHEST    93          1200 AM
 LOWEST     51           100 PM
 AVERAGE    72

..........................................................


THE RHINELANDER WI CLIMATE NORMALS FOR TODAY
                         NORMAL    RECORD    YEAR
 MAXIMUM TEMPERATURE (F)   68        90      1911
 MINIMUM TEMPERATURE (F)   44        27      1925


SUNRISE AND SUNSET
MAY 26 2018...........SUNRISE   516 AM CDT   SUNSET   834 PM CDT
MAY 27 2018...........SUNRISE   515 AM CDT   SUNSET   835 PM CDT


-  INDICATES NEGATIVE NUMBERS.
R  INDICATES RECORD WAS SET OR TIED.
MM INDICATES DATA IS MISSING.
T  INDICATES TRACE AMOUNT.




$$
