000
CDUS45 KRIW 270033
CLIRKS


CLIMATE REPORT
NATIONAL WEATHER SERVICE RIVERTON WY
630 PM MDT SAT MAY 26 2018


...................................

...THE ROCK SPRINGS WY CLIMATE SUMMARY FOR MAY 26 2018...
VALID TODAY AS OF 0500 PM LOCAL TIME.

CLIMATE NORMAL PERIOD 1981 TO 2010
CLIMATE RECORD PERIOD 1948 TO 2018


WEATHER ITEM   OBSERVED TIME   RECORD YEAR NORMAL DEPARTURE LAST
                VALUE   (LST)  VALUE       VALUE  FROM      YEAR
                                                  NORMAL
..................................................................
TEMPERATURE (F)
 TODAY
  MAXIMUM         80        MM  87    1969  67     13       58
  MINIMUM         50        MM  25    1975  40     10       36
  AVERAGE         65                        54     11       47

PRECIPITATION (IN)
  TODAY            0.00                      0.04  -0.04     0.02
  MONTH TO DATE    1.10                      1.02   0.08     0.64
  SINCE MAR 1      1.60                      2.61  -1.01     2.62
  SINCE JAN 1      1.79                      3.54  -1.75     3.52

DEGREE DAYS
 HEATING
  TODAY            0                        11    -11       18
  MONTH TO DATE  290                       391   -101      377
  SINCE MAR 1   1874                      2071   -197     1831
  SINCE JUL 1   7140                      7923   -783     7569

 COOLING
  TODAY            0                         0      0        0
  MONTH TO DATE    0                         0      0        0
  SINCE MAR 1      0                         0      0        0
  SINCE JAN 1      0                         0      0        0
..................................................................


WIND (MPH)
  HIGHEST WIND SPEED    25   HIGHEST WIND DIRECTION     S (180)
  HIGHEST GUST SPEED    39   HIGHEST GUST DIRECTION     S (200)
  AVERAGE WIND SPEED    12.7


SKY COVER
  POSSIBLE SUNSHINE  MM
  AVERAGE SKY COVER 0.0


WEATHER CONDITIONS
 THE FOLLOWING WEATHER WAS RECORDED TODAY.
  NO SIGNIFICANT WEATHER WAS OBSERVED.


RELATIVE HUMIDITY (PERCENT)
 HIGHEST    27           800 AM
 LOWEST      6           300 PM
 AVERAGE    17

..........................................................


THE ROCK SPRINGS WY CLIMATE NORMALS FOR TOMORROW
                         NORMAL    RECORD    YEAR
 MAXIMUM TEMPERATURE (F)   68        85      1969
 MINIMUM TEMPERATURE (F)   41        27      1973


SUNRISE AND SUNSET
MAY 26 2018...........SUNRISE   548 AM MDT   SUNSET   839 PM MDT
MAY 27 2018...........SUNRISE   547 AM MDT   SUNSET   840 PM MDT


-  INDICATES NEGATIVE NUMBERS.
R  INDICATES RECORD WAS SET OR TIED.
MM INDICATES DATA IS MISSING.
T  INDICATES TRACE AMOUNT.




$$
