000
CDUS41 KRNK 202104
CLIRNK


CLIMATE REPORT
NATIONAL WEATHER SERVICE BLACKSBURG VA
503 PM EDT FRI APR 20 2018


...................................

...THE BLACKSBURG VA CLIMATE SUMMARY FOR APRIL 20 2018...
VALID TODAY AS OF 0500 PM LOCAL TIME.

CLIMATE NORMAL PERIOD 1981 TO 2010
CLIMATE RECORD PERIOD 1952 TO 2018


WEATHER ITEM   OBSERVED RECORD YEAR NORMAL DEPARTURE LAST
                VALUE   VALUE       VALUE  FROM      YEAR
                                           NORMAL
...........................................................
TEMPERATURE (F)
 TODAY
  MAXIMUM         59     85    1976  65     -6       75
  MINIMUM         33     22    1983  40     -7       51
  AVERAGE         46                 52     -6       63

PRECIPITATION (IN)
  TODAY            0.00   1.33 1998   0.11  -0.11     0.10
  MONTH TO DATE    2.68               2.31   0.37     2.26
  SINCE MAR 1      7.34               5.95   1.39     5.50
  SINCE JAN 1     13.61              11.84   1.77    11.28

SNOWFALL (IN)
  TODAY            0.0                                0.0
  MONTH TO DATE    1.2                                0.1
  SINCE MAR 1     23.9                                1.1
  SINCE JUL 1     31.3                                7.7
  SNOW DEPTH       0

DEGREE DAYS
 HEATING
  TODAY           19                 13      6        2
  MONTH TO DATE  345                316     29      191
  SINCE MAR 1   1165               1043    122      858
  SINCE JUL 1   4826               5091   -265     3950

 COOLING
  TODAY            0                  0      0        0
  MONTH TO DATE    0                  0      0        2
  SINCE MAR 1      0                  0      0        2
  SINCE JAN 1      1                  0      1        2
...........................................................


WIND (MPH)
  HIGHEST WIND SPEED    12   HIGHEST WIND DIRECTION    NW (310)
  HIGHEST GUST SPEED    20   HIGHEST GUST DIRECTION    NW (320)
  AVERAGE WIND SPEED     6.7


SKY COVER
  AVERAGE SKY COVER 0.0


WEATHER CONDITIONS
 THE FOLLOWING WEATHER WAS RECORDED TODAY.
  NO SIGNIFICANT WEATHER WAS OBSERVED.


RELATIVE HUMIDITY (PERCENT)
 HIGHEST    75           600 AM
 LOWEST     25           300 PM
 AVERAGE    50

..........................................................


THE BLACKSBURG VA CLIMATE NORMALS FOR TOMORROW
                         NORMAL    RECORD    YEAR
 MAXIMUM TEMPERATURE (F)   65        85      1985
 MINIMUM TEMPERATURE (F)   40        26      1962


SUNRISE AND SUNSET
APRIL 20 2018.........SUNRISE   640 AM EDT   SUNSET   801 PM EDT
APRIL 21 2018.........SUNRISE   639 AM EDT   SUNSET   802 PM EDT


-  INDICATES NEGATIVE NUMBERS.
R  INDICATES RECORD WAS SET OR TIED.
MM INDICATES DATA IS MISSING.
T  INDICATES TRACE AMOUNT.

REMARKS:
DUE TO MISSING TEMPERATURES FROM SEPTEMBER 8-10...THE
HEATING DEGREE DAY AND DEPARTURE FROM NORMAL WILL BE CALCULATED
WITHOUT DATA FROM THESE DATES.


$$
