000
CDUS46 KSGX 210021
CLIRNM


CLIMATE REPORT
NATIONAL WEATHER SERVICE SAN DIEGO, CA
521 PM PDT FRI APR 20 2018


...................................

...THE RAMONA AIRPORT CA CLIMATE SUMMARY FOR APRIL 20 2018...
VALID TODAY AS OF 0500 PM LOCAL TIME.

CLIMATE NORMAL PERIOD 1981 TO 2010
CLIMATE RECORD PERIOD 1974 TO 2018


WEATHER ITEM   OBSERVED TIME   RECORD YEAR NORMAL DEPARTURE LAST
                VALUE   (LST)  VALUE       VALUE  FROM      YEAR
                                                  NORMAL
..................................................................
TEMPERATURE (F)
 TODAY
  MAXIMUM         75   1151 AM  96    2009  71      4       79
  MINIMUM         37    303 AM  34    2005  42     -5       42
                                      1977
  AVERAGE         56                        57     -1       61

PRECIPITATION (IN)
  TODAY            0.00          1.35 1988   0.06  -0.06     0.00
  MONTH TO DATE    0.02                      0.93  -0.91      T
  SINCE OCT 1      5.58                     14.58  -9.00    21.58
  SINCE JAN 1      5.54                     10.44  -4.90    14.56

DEGREE DAYS
 HEATING
  TODAY            9                         9      0        4
  MONTH TO DATE  121                       201    -80      124
  SINCE MAR 1    443                       576   -133      351
  SINCE JUL 1   1561                      2317   -756     1786

 COOLING
  TODAY            0                         0      0        0
  MONTH TO DATE   10                         0     10        0
  SINCE MAR 1     10                         0     10        3
  SINCE JAN 1     26                         1     25        3
..................................................................


WIND (MPH)
  RESULTANT WIND SPEED   2   RESULTANT WIND DIRECTION   W (290)
  HIGHEST WIND SPEED    18   HIGHEST WIND DIRECTION     W (260)
  HIGHEST GUST SPEED    25   HIGHEST GUST DIRECTION     W (280)
  AVERAGE WIND SPEED     6.6


SKY COVER
  POSSIBLE SUNSHINE  MM
  AVERAGE SKY COVER 0.1


WEATHER CONDITIONS
 THE FOLLOWING WEATHER WAS RECORDED TODAY.
  FOG


RELATIVE HUMIDITY (PERCENT)
 HIGHEST   100          1200 AM
 LOWEST     25          1200 PM
 AVERAGE    63

..........................................................


THE RAMONA AIRPORT CA CLIMATE NORMALS FOR TOMORROW
                         NORMAL    RECORD    YEAR
 MAXIMUM TEMPERATURE (F)   71        94      2009
 MINIMUM TEMPERATURE (F)   43        33      2002
                                             1974


SUNRISE AND SUNSET
APRIL 20 2018.........SUNRISE   612 AM PDT   SUNSET   722 PM PDT
APRIL 21 2018.........SUNRISE   611 AM PDT   SUNSET   723 PM PDT


-  INDICATES NEGATIVE NUMBERS.
R  INDICATES RECORD WAS SET OR TIED.
MM INDICATES DATA IS MISSING.
T  INDICATES TRACE AMOUNT.




$$
