000
CDUS45 KREV 200836
CLIRNO


CLIMATE REPORT
NATIONAL WEATHER SERVICE RENO NV
136 AM PDT SUN MAY 20 2018


...................................

...THE RENO-TAHOE INTL AIRPORT NV CLIMATE SUMMARY FOR MAY 19 2018...

CLIMATE NORMAL PERIOD 1981 TO 2010
CLIMATE RECORD PERIOD 1888 TO 2018


WEATHER ITEM   OBSERVED TIME   RECORD YEAR NORMAL DEPARTURE LAST
                VALUE   (LST)  VALUE       VALUE  FROM      YEAR
                                                  NORMAL
..................................................................
TEMPERATURE (F)
 YESTERDAY
  MAXIMUM         77    230 PM  94    2008  75      2       77
  MINIMUM         51    517 AM  23    1960  46      5       44
  AVERAGE         64                        60      4       61

PRECIPITATION (IN)
  YESTERDAY        0.06          0.88 1972   0.01   0.05     0.00
  MONTH TO DATE    0.76                      0.29   0.47     0.61
  SINCE OCT 1      6.09                      5.93   0.16    14.94
  SINCE JAN 1      4.52                      3.57   0.95    11.15

SNOWFALL (IN)
  YESTERDAY        0.0           T    1945   0.0    0.0      0.0
                                      1939
                                      1908
  MONTH TO DATE    0.0                       0.2   -0.2      0.0
  SINCE MAR 1     20.1                       2.7   17.4      2.9
  SINCE JUL 1     24.9                      21.7    3.2     27.0
  SNOW DEPTH       0

DEGREE DAYS
 HEATING
  YESTERDAY        1                         6     -5        4
  MONTH TO DATE   86                       150    -64      132
  SINCE MAR 1   1124                      1174    -50     1026
  SINCE JUL 1   4391                      4812   -421     4399

 COOLING
  YESTERDAY        0                         1     -1        0
  MONTH TO DATE   14                        12      2       10
  SINCE MAR 1     17                        13      4       10
  SINCE JAN 1     17                        13      4       10
..................................................................


WIND (MPH)
  RESULTANT WIND SPEED   2   RESULTANT WIND DIRECTION   W (280)
  HIGHEST WIND SPEED    26   HIGHEST WIND DIRECTION     N (350)
  HIGHEST GUST SPEED    31   HIGHEST GUST DIRECTION     N (360)
  AVERAGE WIND SPEED     4.8



WEATHER CONDITIONS
 THE FOLLOWING WEATHER WAS RECORDED YESTERDAY.
  THUNDERSTORM
  LIGHT RAIN


RELATIVE HUMIDITY (PERCENT)
 HIGHEST    83          1100 PM
 LOWEST     25           300 PM
 AVERAGE    54

..........................................................


THE RENO-TAHOE INTL AIRPORT NV CLIMATE NORMALS FOR TODAY
                         NORMAL    RECORD    YEAR
 MAXIMUM TEMPERATURE (F)   75        89      1979
                                             1966
                                             1942
 MINIMUM TEMPERATURE (F)   47        24      1974


SUNRISE AND SUNSET
MAY 20 2018...........SUNRISE   541 AM PDT   SUNSET   811 PM PDT
MAY 21 2018...........SUNRISE   540 AM PDT   SUNSET   812 PM PDT


-  INDICATES NEGATIVE NUMBERS.
R  INDICATES RECORD WAS SET OR TIED.
MM INDICATES DATA IS MISSING.
T  INDICATES TRACE AMOUNT.




$$
