000
CDUS46 KSGX 270035
CLISAN


CLIMATE REPORT
NATIONAL WEATHER SERVICE SAN DIEGO, CA
534 PM PDT THU APR 26 2018


...................................

...THE SAN DIEGO INTL AIRPORT CA CLIMATE SUMMARY FOR APRIL 26 2018...
VALID TODAY AS OF 0500 PM LOCAL TIME.

CLIMATE NORMAL PERIOD 1981 TO 2010
CLIMATE RECORD PERIOD 1874 TO 2018


WEATHER ITEM   OBSERVED TIME   RECORD YEAR NORMAL DEPARTURE LAST
                VALUE   (LST)  VALUE       VALUE  FROM      YEAR
                                                  NORMAL
..................................................................
TEMPERATURE (F)
 TODAY
  MAXIMUM         67    223 PM  88    2004  68     -1       71
  MINIMUM         58    557 AM  47    1932  57      1       59
                                      1882
  AVERAGE         63                        63      0       65

PRECIPITATION (IN)
  TODAY            0.00          1.06 1931   0.02  -0.02     0.00
  MONTH TO DATE    0.01                      0.72  -0.71     0.01
  SINCE OCT 1      3.19                      9.89  -6.70    11.71
  SINCE JAN 1      3.10                      6.78  -3.68     6.81

DEGREE DAYS
 HEATING
  TODAY            2                         3     -1        0
  MONTH TO DATE   48                       101    -53       19
  SINCE MAR 1    171                       279   -108       95
  SINCE JUL 1    622                      1137   -515      687

 COOLING
  TODAY            0                         1     -1        0
  MONTH TO DATE   23                         8     15       21
  SINCE MAR 1     24                        13     11       32
  SINCE JAN 1     41                        18     23       32
..................................................................


WIND (MPH)
  RESULTANT WIND SPEED   5   RESULTANT WIND DIRECTION  NW (310)
  HIGHEST WIND SPEED    14   HIGHEST WIND DIRECTION    NW (300)
  HIGHEST GUST SPEED    20   HIGHEST GUST DIRECTION     W (290)
  AVERAGE WIND SPEED     7.0


SKY COVER
  POSSIBLE SUNSHINE  MM
  AVERAGE SKY COVER 0.7


WEATHER CONDITIONS
 THE FOLLOWING WEATHER WAS RECORDED TODAY.
  NO SIGNIFICANT WEATHER WAS OBSERVED.


RELATIVE HUMIDITY (PERCENT)
 HIGHEST    77           400 AM
 LOWEST     58          1100 AM
 AVERAGE    68

..........................................................


THE SAN DIEGO INTL AIRPORT CA CLIMATE NORMALS FOR TOMORROW
                         NORMAL    RECORD    YEAR
 MAXIMUM TEMPERATURE (F)   68        94      2008
 MINIMUM TEMPERATURE (F)   57        45      1883


SUNRISE AND SUNSET
APRIL 26 2018.........SUNRISE   607 AM PDT   SUNSET   727 PM PDT
APRIL 27 2018.........SUNRISE   606 AM PDT   SUNSET   727 PM PDT


-  INDICATES NEGATIVE NUMBERS.
R  INDICATES RECORD WAS SET OR TIED.
MM INDICATES DATA IS MISSING.
T  INDICATES TRACE AMOUNT.




$$
