000
CDUS42 KCHS 200601
CLISAV


CLIMATE REPORT
NATIONAL WEATHER SERVICE CHARLESTON SC
201 AM EDT FRI APR 20 2018


...................................

...THE SAVANNAH GA CLIMATE SUMMARY FOR APRIL 19 2018...

CLIMATE NORMAL PERIOD 1981 TO 2010
CLIMATE RECORD PERIOD 1871 TO 2018


WEATHER ITEM   OBSERVED TIME   RECORD YEAR NORMAL DEPARTURE LAST
                VALUE   (LST)  VALUE       VALUE  FROM      YEAR
                                                  NORMAL
..................................................................
TEMPERATURE (F)
 YESTERDAY
  MAXIMUM         85    328 PM  92    1968  78      7       85
  MINIMUM         62   1159 PM  35    1983  54      8       63
  AVERAGE         74                        66      8       74

PRECIPITATION (IN)
  YESTERDAY        0.00          3.40 1991   0.10  -0.10     0.00
  MONTH TO DATE    1.19                      2.04  -0.85     2.84
  SINCE MAR 1      2.41                      5.77  -3.36     3.34
  SINCE JAN 1      5.24                     12.25  -7.01    12.17

SNOWFALL (IN)
  YESTERDAY        0.0                       0.0    0.0
  SINCE MAR 1      0.0                       T      0.0
  SINCE JUL 1      1.2                       0.3    0.9

DEGREE DAYS
 HEATING
  YESTERDAY        0                         2     -2        0
  MONTH TO DATE   76                        60     16       19
  SINCE MAR 1    318                       270     48      212
  SINCE JUL 1   1593                      1787   -194     1022

 COOLING
  YESTERDAY        9                         3      6        9
  MONTH TO DATE   43                        48     -5       84
  SINCE MAR 1     75                        80     -5      159
  SINCE JAN 1    157                        90     67      217
..................................................................


WIND (MPH)
  HIGHEST WIND SPEED    28   HIGHEST WIND DIRECTION     W (250)
  HIGHEST GUST SPEED    33   HIGHEST GUST DIRECTION     W (250)
  AVERAGE WIND SPEED    15.1


SKY COVER
  POSSIBLE SUNSHINE  MM
  AVERAGE SKY COVER 0.3


WEATHER CONDITIONS
 THE FOLLOWING WEATHER WAS RECORDED YESTERDAY.
  NO SIGNIFICANT WEATHER WAS OBSERVED.


RELATIVE HUMIDITY (PERCENT)
 HIGHEST    87           600 AM
 LOWEST     33          1200 AM
 AVERAGE    60

..........................................................


THE SAVANNAH GA CLIMATE NORMALS FOR TODAY
                         NORMAL    RECORD    YEAR
 MAXIMUM TEMPERATURE (F)   79        94      1925
 MINIMUM TEMPERATURE (F)   55        34      1983


SUNRISE AND SUNSET
APRIL 20 2018.........SUNRISE   650 AM EDT   SUNSET   758 PM EDT
APRIL 21 2018.........SUNRISE   649 AM EDT   SUNSET   758 PM EDT


-  INDICATES NEGATIVE NUMBERS.
R  INDICATES RECORD WAS SET OR TIED.
MM INDICATES DATA IS MISSING.
T  INDICATES TRACE AMOUNT.




$$
