000
CDUS44 KSHV 232151
CLISHV


CLIMATE REPORT
NATIONAL WEATHER SERVICE SHREVEPORT, LA
450 PM CDT WED MAY 23 2018


...................................

...THE SHREVEPORT CLIMATE SUMMARY FOR MAY 23 2018...
VALID TODAY AS OF 0400 PM LOCAL TIME.

CLIMATE NORMAL PERIOD 1981 TO 2010
CLIMATE RECORD PERIOD 1874 TO 2018


WEATHER ITEM   OBSERVED TIME   RECORD YEAR NORMAL DEPARTURE LAST
                VALUE   (LST)  VALUE       VALUE  FROM      YEAR
                                                  NORMAL
..................................................................
TEMPERATURE (F)
 TODAY
  MAXIMUM         92    230 PM  97    1886  86      6       78
  MINIMUM         67    527 AM  48    1963  65      2       60
  AVERAGE         80                        75      5       69

PRECIPITATION (IN)
  TODAY            0.00          4.65 1955   0.17  -0.17     0.21
  MONTH TO DATE    0.68                      3.67  -2.99     4.27
  SINCE DEC 1     27.86                     25.72   2.14    17.26
  SINCE JAN 1     23.74                     20.95   2.79    14.12

DEGREE DAYS
 HEATING
  TODAY            0                         0      0        0
  MONTH TO DATE    0                         5     -5        5
  SINCE MAR 1    280                       342    -62      169
  SINCE JUL 1   2040                      2224   -184     1200

 COOLING
  TODAY           15                        10      5        4
  MONTH TO DATE  286                       174    112      135
  SINCE MAR 1    398                       299     99      391
  SINCE JAN 1    436                       309    127      461
..................................................................


WIND (MPH)
  HIGHEST WIND SPEED     9   HIGHEST WIND DIRECTION    SW (220)
  HIGHEST GUST SPEED    15   HIGHEST GUST DIRECTION     S (180)
  AVERAGE WIND SPEED     2.3


SKY COVER
  POSSIBLE SUNSHINE  MM
  AVERAGE SKY COVER 0.5


WEATHER CONDITIONS
 THE FOLLOWING WEATHER WAS RECORDED TODAY.
  THUNDERSTORM
  FOG


RELATIVE HUMIDITY (PERCENT)
 HIGHEST   100           300 AM
 LOWEST     47           100 PM
 AVERAGE    74

..........................................................


THE SHREVEPORT CLIMATE NORMALS FOR TOMORROW
                         NORMAL    RECORD    YEAR
 MAXIMUM TEMPERATURE (F)   86       101      1875
 MINIMUM TEMPERATURE (F)   65        53      2017


SUNRISE AND SUNSET
MAY 23 2018...........SUNRISE   612 AM CDT   SUNSET   812 PM CDT
MAY 24 2018...........SUNRISE   612 AM CDT   SUNSET   813 PM CDT


-  INDICATES NEGATIVE NUMBERS.
R  INDICATES RECORD WAS SET OR TIED.
MM INDICATES DATA IS MISSING.
T  INDICATES TRACE AMOUNT.




$$
