000
CDUS44 KSJT 210733
CLISJT


CLIMATE REPORT
NATIONAL WEATHER SERVICE SAN ANGELO TX
232 AM CDT SAT APR 21 2018


...................................

...THE SAN ANGELO CLIMATE SUMMARY FOR APRIL 20 2018...

CLIMATE NORMAL PERIOD 1981 TO 2010
CLIMATE RECORD PERIOD 1907 TO 2018


WEATHER ITEM   OBSERVED TIME   RECORD YEAR NORMAL DEPARTURE LAST
                VALUE   (LST)  VALUE       VALUE  FROM      YEAR
                                                  NORMAL
..................................................................
TEMPERATURE (F)
 YESTERDAY
  MAXIMUM         71    157 PM  99    1925  81    -10       94
  MINIMUM         53    457 AM  38    1940  53      0       65
                                      1922
  AVERAGE         62                        67     -5       80

PRECIPITATION (IN)
  YESTERDAY        0.00          1.08 1964   0.05  -0.05     0.00
  MONTH TO DATE    0.00                      0.88  -0.88     1.46
  SINCE MAR 1      1.20                      2.38  -1.18     1.71
  SINCE JAN 1      2.57                      4.66  -2.09     4.42

SNOWFALL (IN)
  YESTERDAY        0.0           0.0  2002   0.0    0.0      0.0
  MONTH TO DATE    0.0                       0.0    0.0       T
  SINCE NOV 1      T                         2.2   -2.2       T
  SINCE JUL 1      T                         2.2   -2.2       T
  SNOW DEPTH       0

DEGREE DAYS
 HEATING
  YESTERDAY        3                         2      1        0
  MONTH TO DATE   81                        73      8       32
  SINCE MAR 1    232                       330    -98      152
  SINCE JUL 1   2070                      2291   -221     1476

 COOLING
  YESTERDAY        0                         4     -4       15
  MONTH TO DATE   61                        63     -2      102
  SINCE MAR 1    146                        96     50      219
  SINCE JAN 1    165                       101     64      246
..................................................................


WIND (MPH)
  HIGHEST WIND SPEED    26   HIGHEST WIND DIRECTION    SE (130)
  HIGHEST GUST SPEED    36   HIGHEST GUST DIRECTION    SE (130)
  AVERAGE WIND SPEED    14.6


SKY COVER
  POSSIBLE SUNSHINE  MM
  AVERAGE SKY COVER 0.7


WEATHER CONDITIONS
 THE FOLLOWING WEATHER WAS RECORDED YESTERDAY.
  FOG
  HAZE


RELATIVE HUMIDITY (PERCENT)
 HIGHEST    78          1000 PM
 LOWEST     33           100 AM
 AVERAGE    56

..........................................................


THE SAN ANGELO CLIMATE NORMALS FOR TODAY
                         NORMAL    RECORD    YEAR
 MAXIMUM TEMPERATURE (F)   82       101      1925
 MINIMUM TEMPERATURE (F)   53        36      1912


SUNRISE AND SUNSET
APRIL 21 2018.........SUNRISE   707 AM CDT   SUNSET   815 PM CDT
APRIL 22 2018.........SUNRISE   706 AM CDT   SUNSET   815 PM CDT


-  INDICATES NEGATIVE NUMBERS.
R  INDICATES RECORD WAS SET OR TIED.
MM INDICATES DATA IS MISSING.
T  INDICATES TRACE AMOUNT.




$$
