348
CDAK48 PAFC 201251
CLISNP


CLIMATE REPORT
NATIONAL WEATHER SERVICE ANCHORAGE, AK
451 AM AKDT FRI APR 20 2018


...................................

...THE SAINT PAUL ISLAND CLIMATE SUMMARY FOR APRIL 19 2018...

CLIMATE NORMAL PERIOD 1981 TO 2010
CLIMATE RECORD PERIOD 1892 TO 2018


WEATHER ITEM   OBSERVED TIME   RECORD YEAR NORMAL DEPARTURE LAST
                VALUE   (LST)  VALUE       VALUE  FROM      YEAR
                                                  NORMAL
..................................................................
TEMPERATURE (F)
 YESTERDAY
  MAXIMUM         42    313 PM  43    2016  34      8       36
                                      1978
  MINIMUM         32   1139 PM   6    1960  26      6       29
  AVERAGE         37                        30      7       33

PRECIPITATION (IN)
  YESTERDAY        0.01          0.32 2008   0.03  -0.02      T
  MONTH TO DATE    1.07                      0.68   0.39     0.86
  SINCE MAR 1      3.44                      1.75   1.69     0.96
  SINCE JAN 1      6.42                      4.63   1.79     4.05

SNOWFALL (IN)
  YESTERDAY       MM            MM      MM   0.2   MM         T
  MONTH TO DATE    T                         4.2   -4.2      0.2
  SINCE MAR 1      4.1                      12.2   -8.1      0.6
  SINCE JUL 1     14.6                      57.2  -42.6     48.8
  SNOW DEPTH       0

DEGREE DAYS
 HEATING
  YESTERDAY       28                        35     -7       32
  MONTH TO DATE  570                       704   -134      653
  SINCE MAR 1   1545                      1949   -404     1862
  SINCE JUL 1   7540                      8866  -1326     7737

 COOLING
  YESTERDAY        0                         0      0        0
  MONTH TO DATE    0                         0      0        0
  SINCE MAR 1      0                         0      0        0
  SINCE JAN 1      0                         0      0        0
..................................................................


WIND (MPH)
  RESULTANT WIND SPEED  10   RESULTANT WIND DIRECTION   N (20)
  HIGHEST WIND SPEED    17   HIGHEST WIND DIRECTION     N (10)
  HIGHEST GUST SPEED    20   HIGHEST GUST DIRECTION     N (10)
  AVERAGE WIND SPEED    10.5



WEATHER CONDITIONS
 THE FOLLOWING WEATHER WAS RECORDED YESTERDAY.
  LIGHT RAIN
  FOG


..........................................................


THE SAINT PAUL ISLAND CLIMATE NORMALS FOR TODAY
                         NORMAL    RECORD    YEAR
 MAXIMUM TEMPERATURE (F)   34        47      1981
 MINIMUM TEMPERATURE (F)   26        13      1960


SUNRISE AND SUNSET
APRIL 20 2018.........SUNRISE   759 AM AKDT  SUNSET  1042 PM AKDT
APRIL 21 2018.........SUNRISE   756 AM AKDT  SUNSET  1044 PM AKDT


-  INDICATES NEGATIVE NUMBERS.
R  INDICATES RECORD WAS SET OR TIED.
MM INDICATES DATA IS MISSING.
T  INDICATES TRACE AMOUNT.




$$
