395
CDUS43 KEAX 260632
CLISTJ


CLIMATE REPORT
NATIONAL WEATHER SERVICE KANSAS CITY/PLEASANT HILL MO
132 AM CDT THU APR 26 2018


...................................

...THE ST. JOSEPH MO CLIMATE SUMMARY FOR APRIL 25 2018...

CLIMATE NORMAL PERIOD 1981 TO 2010
CLIMATE RECORD PERIOD 1892 TO 2018


WEATHER ITEM   OBSERVED TIME   RECORD YEAR NORMAL DEPARTURE LAST
                VALUE   (LST)  VALUE       VALUE  FROM      YEAR
                                                  NORMAL
..................................................................
TEMPERATURE (F)
 YESTERDAY
  MAXIMUM         56   1237 AM  96    2012  68    -12       72
  MINIMUM         38   1137 PM  31    2013  46     -8       48
  AVERAGE         47                        57    -10       60

PRECIPITATION (IN)
  YESTERDAY        0.33          1.56 1904   0.15   0.18      T
  MONTH TO DATE    0.56                      2.92  -2.36     2.83
  SINCE MAR 1      0.91                      5.17  -4.26     5.40
  SINCE JAN 1      2.37                      6.66  -4.29     6.42

DEGREE DAYS
 HEATING
  YESTERDAY       18                         9      9        5
  MONTH TO DATE  535                       306    229      197
  SINCE MAR 1   1232                       991    241      764
  SINCE JUL 1   5103                      5299   -196     4061

 COOLING
  YESTERDAY        0                         1     -1        0
  MONTH TO DATE    2                        18    -16       14
  SINCE MAR 1      2                        20    -18       18
  SINCE JAN 1      2                        20    -18       18
..................................................................


WIND (MPH)
  HIGHEST WIND SPEED    17   HIGHEST WIND DIRECTION     N (10)
  HIGHEST GUST SPEED    22   HIGHEST GUST DIRECTION     N (10)
  AVERAGE WIND SPEED     8.4


SKY COVER
  POSSIBLE SUNSHINE  MM
  AVERAGE SKY COVER 0.9


WEATHER CONDITIONS
 THE FOLLOWING WEATHER WAS RECORDED YESTERDAY.
  LIGHT RAIN
  FOG


RELATIVE HUMIDITY (PERCENT)
 HIGHEST   100           800 AM
 LOWEST     63           600 PM
 AVERAGE    82

..........................................................


THE ST. JOSEPH MO CLIMATE NORMALS FOR TODAY
                         NORMAL    RECORD    YEAR
 MAXIMUM TEMPERATURE (F)   69        94      1989
 MINIMUM TEMPERATURE (F)   46        31      1950


SUNRISE AND SUNSET
APRIL 26 2018.........SUNRISE   627 AM CDT   SUNSET   809 PM CDT
APRIL 27 2018.........SUNRISE   625 AM CDT   SUNSET   810 PM CDT


-  INDICATES NEGATIVE NUMBERS.
R  INDICATES RECORD WAS SET OR TIED.
MM INDICATES DATA IS MISSING.
T  INDICATES TRACE AMOUNT.




$$
