000
CDUS41 KBGM 260229
CLISYR


CLIMATE REPORT
NATIONAL WEATHER SERVICE BINGHAMTON NY
1028 PM EDT WED APR 25 2018


...................................

...THE SYRACUSE NY CLIMATE SUMMARY FOR APRIL 25 2018...
VALID AS OF 1000 PM LOCAL TIME.

CLIMATE NORMAL PERIOD 1981 TO 2010
CLIMATE RECORD PERIOD 1902 TO 2018


WEATHER ITEM   OBSERVED TIME   RECORD YEAR NORMAL DEPARTURE LAST
                VALUE   (LST)  VALUE       VALUE  FROM      YEAR
                                                  NORMAL
..................................................................
TEMPERATURE (F)
 TODAY
  MAXIMUM         56   1202 AM  88    2009  62     -6       58
  MINIMUM         48    615 AM  19    1919  40      8       47
  AVERAGE         52                        51      1       53

PRECIPITATION (IN)
  TODAY            0.15          1.79 1976   0.10   0.05     0.19
  MONTH TO DATE    1.80                      2.68  -0.88     4.80
  SINCE MAR 1      5.66                      5.63   0.03     8.65
  SINCE JAN 1     11.73                     10.20   1.53    15.23

SNOWFALL (IN)
  TODAY            0.0           1.7  1983   0.1   -0.1      0.0
  MONTH TO DATE    2.5                       3.6   -1.1      0.3
  SINCE MAR 1     46.1                      21.6   24.5     31.2
  SINCE JUL 1    153.6                     123.5   30.1    134.9
  SNOW DEPTH       0

DEGREE DAYS
 HEATING
  TODAY           13                        14     -1       12
  MONTH TO DATE  655                       480    175      397
  SINCE MAR 1   1705                      1437    268     1469
  SINCE JUL 1   6372                      6268    104     5738

 COOLING
  TODAY            0                         0      0        0
  MONTH TO DATE    0                         0      0        8
  SINCE MAR 1      0                         0      0        8
  SINCE JAN 1      0                         0      0        8
..................................................................


WIND (MPH)
  HIGHEST WIND SPEED    14   HIGHEST WIND DIRECTION     E (70)
  HIGHEST GUST SPEED    18   HIGHEST GUST DIRECTION    NE (60)
  AVERAGE WIND SPEED     7.0


SKY COVER
  POSSIBLE SUNSHINE  MM
  AVERAGE SKY COVER 1.0


WEATHER CONDITIONS
 THE FOLLOWING WEATHER WAS RECORDED TODAY.
  LIGHT RAIN
  FOG


RELATIVE HUMIDITY (PERCENT)
 HIGHEST   100           200 AM
 LOWEST     83           100 AM
 AVERAGE    92

..........................................................


THE SYRACUSE NY CLIMATE NORMALS FOR TOMORROW
                         NORMAL    RECORD    YEAR
 MAXIMUM TEMPERATURE (F)   62        87      1990
 MINIMUM TEMPERATURE (F)   40        21      1919


SUNRISE AND SUNSET
APRIL 25 2018.........SUNRISE   607 AM EDT   SUNSET   759 PM EDT
APRIL 26 2018.........SUNRISE   605 AM EDT   SUNSET   800 PM EDT


-  INDICATES NEGATIVE NUMBERS.
R  INDICATES RECORD WAS SET OR TIED.
MM INDICATES DATA IS MISSING.
T  INDICATES TRACE AMOUNT.




$$
