000
CDUS42 KTAE 200634
CLITLH


CLIMATE REPORT
NATIONAL WEATHER SERVICE TALLAHASSEE FL
234 AM EDT FRI APR 20 2018


...................................

...THE TALLAHASSEE CLIMATE SUMMARY FOR APRIL 19 2018...

CLIMATE NORMAL PERIOD 1981 TO 2010
CLIMATE RECORD PERIOD 1896 TO 2018


WEATHER ITEM   OBSERVED TIME   RECORD YEAR NORMAL DEPARTURE LAST
                VALUE   (LST)  VALUE       VALUE  FROM      YEAR
                                                  NORMAL
..................................................................
TEMPERATURE (F)
 YESTERDAY
  MAXIMUM         86    342 PM  92    1942  81      5       84
  MINIMUM         61    105 AM  33    2001  53      8       62
  AVERAGE         74                        67      7       73

PRECIPITATION (IN)
  YESTERDAY        0.00          4.65 1893   0.09  -0.09      T
  MONTH TO DATE    3.31                      2.13   1.18     3.14
  SINCE MAR 1     10.16                      8.07   2.09     4.33
  SINCE JAN 1     16.09                     17.26  -1.17    14.26

SNOWFALL (IN)
  YESTERDAY        0.0                       0.0    0.0

DEGREE DAYS
 HEATING
  YESTERDAY        0                               -2
  MONTH TO DATE   40                              -14
  SINCE MAR 1    252                               17
  SINCE JUL 1   1331                             -247

 COOLING
  YESTERDAY        9                                6
  MONTH TO DATE   35                              -14
  SINCE MAR 1     74                              -15
  SINCE JAN 1    156                               53
..................................................................


WIND (MPH)
  HIGHEST WIND SPEED    21   HIGHEST WIND DIRECTION     W (270)
  HIGHEST GUST SPEED    25   HIGHEST GUST DIRECTION     W (270)
  AVERAGE WIND SPEED     9.5




RELATIVE HUMIDITY (PERCENT)
 HIGHEST   100
 LOWEST     44
 AVERAGE    72

..........................................................


THE TALLAHASSEE CLIMATE NORMALS FOR TODAY
                         NORMAL    RECORD    YEAR
 MAXIMUM TEMPERATURE (F)   81        93      2006
 MINIMUM TEMPERATURE (F)   53        40      1953


SUNRISE AND SUNSET
APRIL 20 2018.........SUNRISE   705 AM EDT   SUNSET   808 PM EDT
APRIL 21 2018.........SUNRISE   704 AM EDT   SUNSET   809 PM EDT


-  INDICATES NEGATIVE NUMBERS.
R  INDICATES RECORD WAS SET OR TIED.
MM INDICATES DATA IS MISSING.
T  INDICATES TRACE AMOUNT.




$$
