000
CDUS41 KCLE 270528
CLITOL


CLIMATE REPORT
NATIONAL WEATHER SERVICE CLEVELAND OH
127 AM EDT SUN MAY 27 2018


...................................

...THE TOLEDO OH CLIMATE SUMMARY FOR MAY 26 2018...

CLIMATE NORMAL PERIOD 1981 TO 2010
CLIMATE RECORD PERIOD 1873 TO 2018


WEATHER ITEM   OBSERVED TIME   RECORD YEAR NORMAL DEPARTURE LAST
                VALUE   (LST)  VALUE       VALUE  FROM      YEAR
                                                  NORMAL
..................................................................
TEMPERATURE (F)
 YESTERDAY
  MAXIMUM         86    257 PM  93    1911  74     12       72
  MINIMUM         62    454 AM  36    1983  52     10       54
                                      1969
  AVERAGE         74                        63     11       63

PRECIPITATION (IN)
  YESTERDAY        0.01                      0.12  -0.11     0.18
  MONTH TO DATE    5.14                      2.97   2.17     4.53
  SINCE MAR 1     10.95                      8.64   2.31    11.64
  SINCE JAN 1     15.94                     12.76   3.18    17.41

SNOWFALL (IN)
  YESTERDAY        0.0                       0.0    0.0      0.0
  MONTH TO DATE    0.0                       0.1   -0.1      0.0
  SINCE MAR 1      3.5                       7.1   -3.6      5.4
  SINCE JUL 1     34.3                      37.6   -3.3     22.4
  SNOW DEPTH       0

DEGREE DAYS
 HEATING
  YESTERDAY        0                         4     -4        2
  MONTH TO DATE   64                       189   -125      234
  SINCE MAR 1   1633                      1515    118     1444
  SINCE JUL 1   6037                      6091    -54     5289

 COOLING
  YESTERDAY        9                         2      7        0
  MONTH TO DATE   52                        31     21       31
  SINCE MAR 1     52                        39     13       39
  SINCE JAN 1     52                        39     13       39
..................................................................


WIND (MPH)
  HIGHEST WIND SPEED    18   HIGHEST WIND DIRECTION    SW (240)
  HIGHEST GUST SPEED    29   HIGHEST GUST DIRECTION     W (260)
  AVERAGE WIND SPEED     3.6


SKY COVER
  POSSIBLE SUNSHINE  MM
  AVERAGE SKY COVER 0.4


WEATHER CONDITIONS
 THE FOLLOWING WEATHER WAS RECORDED YESTERDAY.
  THUNDERSTORM
  LIGHT RAIN
  FOG


RELATIVE HUMIDITY (PERCENT)
 HIGHEST   100          1100 PM
 LOWEST     55           300 PM
 AVERAGE    78

..........................................................


THE TOLEDO OH CLIMATE NORMALS FOR TODAY
                         NORMAL    RECORD    YEAR
 MAXIMUM TEMPERATURE (F)   75        92      1911
 MINIMUM TEMPERATURE (F)   52        33      1961


SUNRISE AND SUNSET
MAY 27 2018...........SUNRISE   606 AM EDT   SUNSET   859 PM EDT
MAY 28 2018...........SUNRISE   606 AM EDT   SUNSET   900 PM EDT


-  INDICATES NEGATIVE NUMBERS.
R  INDICATES RECORD WAS SET OR TIED.
MM INDICATES DATA IS MISSING.
T  INDICATES TRACE AMOUNT.




$$
