000
CDUS42 KTBW 240837
CLITPA


CLIMATE REPORT
NATIONAL WEATHER SERVICE TAMPA BAY FL
434 AM EDT TUE APR 24 2018


...................................

...THE TAMPA CLIMATE SUMMARY FOR APRIL 23 2018...

CLIMATE NORMAL PERIOD 1981 TO 2010
CLIMATE RECORD PERIOD 1890 TO 2018


WEATHER ITEM   OBSERVED TIME   RECORD YEAR NORMAL DEPARTURE LAST
                VALUE   (LST)  VALUE       VALUE  FROM      YEAR
                                                  NORMAL
..................................................................
TEMPERATURE (F)
 YESTERDAY
  MAXIMUM         85    306 PM  91    1964  82      3       87
  MINIMUM         73    240 AM  45    1993  64      9       72
  AVERAGE         79                        73      6       80

PRECIPITATION (IN)
  YESTERDAY        T             1.96 1921   0.07  -0.07     0.00
  MONTH TO DATE    2.16                      1.63   0.53     0.59
  SINCE MAR 1      2.51                      4.66  -2.15     1.58
  SINCE JAN 1     10.22                      9.70   0.52     4.54

DEGREE DAYS
 HEATING
  YESTERDAY        0                         0      0        0
  MONTH TO DATE    0                         9     -9        0
  SINCE MAR 1     67                        65      2       28
  SINCE JUL 1    338                       536   -198      164

 COOLING
  YESTERDAY       14                         9      5       15
  MONTH TO DATE  228                       155     73      261
  SINCE MAR 1    336                       281     55      452
  SINCE JAN 1    653                       394    259      705
..................................................................


WIND (MPH)
  RESULTANT WIND SPEED   9   RESULTANT WIND DIRECTION   S (200)
  HIGHEST WIND SPEED    20   HIGHEST WIND DIRECTION     S (190)
  HIGHEST GUST SPEED    26   HIGHEST GUST DIRECTION     S (180)
  AVERAGE WIND SPEED     9.8


SKY COVER
  POSSIBLE SUNSHINE  MM
  AVERAGE SKY COVER 0.7


WEATHER CONDITIONS
 THE FOLLOWING WEATHER WAS RECORDED YESTERDAY.
  NO SIGNIFICANT WEATHER WAS OBSERVED.


RELATIVE HUMIDITY (PERCENT)
 HIGHEST    87           400 AM
 LOWEST     65           400 PM
 AVERAGE    76

..........................................................


THE TAMPA CLIMATE NORMALS FOR TODAY
                         NORMAL    RECORD    YEAR
 MAXIMUM TEMPERATURE (F)   83        90      2002
                                             1999
 MINIMUM TEMPERATURE (F)   65        48      1903


SUNRISE AND SUNSET
APRIL 24 2018.........SUNRISE   656 AM EDT   SUNSET   800 PM EDT
APRIL 25 2018.........SUNRISE   655 AM EDT   SUNSET   801 PM EDT


-  INDICATES NEGATIVE NUMBERS.
R  INDICATES RECORD WAS SET OR TIED.
MM INDICATES DATA IS MISSING.
T  INDICATES TRACE AMOUNT.




$$


&&
------------------------------------------------------------------
******************** SUPPLEMENTAL DATA ***************************

...RUSKIN                HIGH 85    LOW 69    PCPN 0.21
...SARASOTA/BRADENTON    HIGH 83    LOW 70    PCPN TRACE
...ST. PETERSBURG        HIGH 82    LOW 72    PCPN TRACE
...GULF WATER TEMPERATURE AT CLEARWATER BEACH 76 DEGREES
