000
CDUS45 KLKN 240933
CLITPH


CLIMATE REPORT
NATIONAL WEATHER SERVICE ELKO NV
228 AM PDT THU MAY 24 2018


...................................

...THE TONOPAH AIRPORT NV CLIMATE SUMMARY FOR MAY 23 2018...

CLIMATE NORMAL PERIOD 1981 TO 2010
CLIMATE RECORD PERIOD 1954 TO 2018


WEATHER ITEM   OBSERVED TIME   RECORD YEAR NORMAL DEPARTURE LAST
                VALUE   (LST)  VALUE       VALUE  FROM      YEAR
                                                  NORMAL
..................................................................
TEMPERATURE (F)
 YESTERDAY
  MAXIMUM         78    344 PM  93    1984  77      1       87
  MINIMUM         52    455 AM  31    2010  45      7       54
  AVERAGE         65                        61      4       71

PRECIPITATION (IN)
  YESTERDAY        0.00          0.60 1963   0.02  -0.02     0.00
  MONTH TO DATE    0.42                      0.38   0.04     0.79
  SINCE OCT 1      1.15                      3.47  -2.32     2.78
  SINCE JAN 1      1.14                      2.38  -1.24     2.25

DEGREE DAYS
 HEATING
  YESTERDAY        0                         5     -5        0
  MONTH TO DATE  143                       184    -41      157
  SINCE MAR 1   1203                      1335   -132     1110
  SINCE JUL 1   4783                      5377   -594     4975

 COOLING
  YESTERDAY        0                         1     -1        6
  MONTH TO DATE   20                        10     10       12
  SINCE MAR 1     22                        11     11       12
  SINCE JAN 1     22                        11     11       12
..................................................................


WIND (MPH)
  HIGHEST WIND SPEED    21   HIGHEST WIND DIRECTION     S (200)
  HIGHEST GUST SPEED    28   HIGHEST GUST DIRECTION    SW (220)
  AVERAGE WIND SPEED     8.8



WEATHER CONDITIONS
 THE FOLLOWING WEATHER WAS RECORDED YESTERDAY.
  NO SIGNIFICANT WEATHER WAS OBSERVED.


RELATIVE HUMIDITY (PERCENT)
 HIGHEST    71           300 AM
 LOWEST     19           400 PM
 AVERAGE    45

..........................................................


THE TONOPAH AIRPORT NV CLIMATE NORMALS FOR TODAY
                         NORMAL    RECORD    YEAR
 MAXIMUM TEMPERATURE (F)   77        91      2001
 MINIMUM TEMPERATURE (F)   45        24      1978


SUNRISE AND SUNSET
MAY 24 2018...........SUNRISE   531 AM PDT   SUNSET   800 PM PDT
MAY 25 2018...........SUNRISE   531 AM PDT   SUNSET   800 PM PDT


-  INDICATES NEGATIVE NUMBERS.
R  INDICATES RECORD WAS SET OR TIED.
MM INDICATES DATA IS MISSING.
T  INDICATES TRACE AMOUNT.




$$
