000
CDUS46 KSGX 270035
CLITRM

CLIMATE REPORT
NATIONAL WEATHER SERVICE SAN DIEGO, CA
534 PM PDT THU APR 26 2018


...................................

...THE THERMAL AIRPORT CA CLIMATE SUMMARY FOR APRIL 26 2018...
VALID TODAY AS OF 0500 PM LOCAL TIME.

CLIMATE NORMAL PERIOD 1981 TO 2010
CLIMATE RECORD PERIOD 1950 TO 2018


WEATHER ITEM   OBSERVED TIME   RECORD YEAR NORMAL DEPARTURE LAST
                VALUE   (LST)  VALUE       VALUE  FROM      YEAR
                                                  NORMAL
..................................................................
TEMPERATURE (F)
 TODAY
  MAXIMUM        103    211 PM 108    1996  90     13       91
  MINIMUM         74    531 AM  44    1971  56     18       61
  AVERAGE         89                        73     16       76

PRECIPITATION (IN)
  TODAY            0.00          0.06 2012   0.00   0.00     0.00
  MONTH TO DATE    0.00                      0.06  -0.06     0.00
  SINCE OCT 1      0.41                      2.58  -2.17     3.69
  SINCE JAN 1      0.41                      1.77  -1.36     2.01

DEGREE DAYS
 HEATING
  TODAY            0                         0      0        0
  MONTH TO DATE    0                        19    -19        0
  SINCE MAR 1     48                       111    -63       34
  SINCE JUL 1    611                      1176   -565      899

 COOLING
  TODAY           24                         8     16       11
  MONTH TO DATE  323                       147    176      247
  SINCE MAR 1    439                       209    230      437
  SINCE JAN 1    470                       221    249      469
..................................................................


WIND (MPH)
  RESULTANT WIND SPEED   5   RESULTANT WIND DIRECTION  NW (330)
  HIGHEST WIND SPEED    16   HIGHEST WIND DIRECTION    NW (330)
  HIGHEST GUST SPEED    22   HIGHEST GUST DIRECTION     N (340)
  AVERAGE WIND SPEED     8.6


SKY COVER
  POSSIBLE SUNSHINE  MM
  AVERAGE SKY COVER 0.0


WEATHER CONDITIONS
 THE FOLLOWING WEATHER WAS RECORDED TODAY.
  NO SIGNIFICANT WEATHER WAS OBSERVED.


RELATIVE HUMIDITY (PERCENT)
 HIGHEST    27           500 AM
 LOWEST      7           200 PM
 AVERAGE    17

..........................................................


THE THERMAL AIRPORT CA CLIMATE NORMALS FOR TOMORROW
                         NORMAL    RECORD    YEAR
 MAXIMUM TEMPERATURE (F)   90       106      1996
 MINIMUM TEMPERATURE (F)   57        44      1994


SUNRISE AND SUNSET
APRIL 26 2018.........SUNRISE   601 AM PDT   SUNSET   724 PM PDT
APRIL 27 2018.........SUNRISE   600 AM PDT   SUNSET   725 PM PDT


-  INDICATES NEGATIVE NUMBERS.
R  INDICATES RECORD WAS SET OR TIED.
MM INDICATES DATA IS MISSING.
T  INDICATES TRACE AMOUNT.




$$
