000
CDUS43 KAPX 260529
CLITVC


CLIMATE REPORT
NATIONAL WEATHER SERVICE GAYLORD MI
128 AM EDT THU APR 26 2018


...................................

...THE TRAVERSE CITY MI CLIMATE SUMMARY FOR APRIL 25 2018...

CLIMATE NORMAL PERIOD 1981 TO 2010
CLIMATE RECORD PERIOD 1896 TO 2018


WEATHER ITEM   OBSERVED TIME   RECORD YEAR NORMAL DEPARTURE LAST
                VALUE   (LST)  VALUE       VALUE  FROM      YEAR
                                                  NORMAL
..................................................................
TEMPERATURE (F)
 YESTERDAY
  MAXIMUM         48    415 PM  88    1939  58    -10       76
  MINIMUM         31   1159 PM  20    1967  35     -4       51
  AVERAGE         40                        47     -7       64

PRECIPITATION (IN)
  YESTERDAY        0.01          1.03 1953   0.10  -0.09     0.00
  MONTH TO DATE    3.13                      2.35   0.78     2.34
  SINCE MAR 1      3.93                      4.21  -0.28     4.07
  SINCE JAN 1      6.34                      8.53  -2.19     7.40

DEGREE DAYS
 HEATING
  YESTERDAY       25                        19      6        1
  MONTH TO DATE  788                       578    210      425
  SINCE MAR 1   1851                      1640    211     1458
  SINCE JUL 1   6754                      6980   -226     5631

 COOLING
  YESTERDAY        0                         0      0        0
  MONTH TO DATE    0                         0      0        2
  SINCE MAR 1      0                         0      0        2
  SINCE JAN 1      0                         0      0        2
..................................................................


WIND (MPH)
  HIGHEST WIND SPEED    15   HIGHEST WIND DIRECTION     N (10)
  HIGHEST GUST SPEED    22   HIGHEST GUST DIRECTION     N (20)
  AVERAGE WIND SPEED     7.7




RELATIVE HUMIDITY (PERCENT)
 HIGHEST    85
 LOWEST     53
 AVERAGE    69

..........................................................


THE TRAVERSE CITY MI CLIMATE NORMALS FOR TODAY
                         NORMAL    RECORD    YEAR
 MAXIMUM TEMPERATURE (F)   59        87      1990
 MINIMUM TEMPERATURE (F)   35        22      1907


SUNRISE AND SUNSET
APRIL 26 2018.........SUNRISE   640 AM EDT   SUNSET   841 PM EDT
APRIL 27 2018.........SUNRISE   638 AM EDT   SUNSET   842 PM EDT


-  INDICATES NEGATIVE NUMBERS.
R  INDICATES RECORD WAS SET OR TIED.
MM INDICATES DATA IS MISSING.
T  INDICATES TRACE AMOUNT.




$$
