000
CDUS44 KSHV 230742
CLITXK


CLIMATE REPORT
NATIONAL WEATHER SERVICE SHREVEPORT, LA
241 AM CDT WED MAY 23 2018


...................................

...THE TEXARKANA CLIMATE SUMMARY FOR MAY 22 2018...

CLIMATE NORMAL PERIOD 1981 TO 2010
CLIMATE RECORD PERIOD 1896 TO 2018


WEATHER ITEM   OBSERVED TIME   RECORD YEAR NORMAL DEPARTURE LAST
                VALUE   (LST)  VALUE       VALUE  FROM      YEAR
                                                  NORMAL
..................................................................
TEMPERATURE (F)
 YESTERDAY
  MAXIMUM         89    144 PM  96    1921  84      5       70
  MINIMUM         66    447 AM  49    1963  63      3       60
  AVERAGE         78                        73      5       65

PRECIPITATION (IN)
  YESTERDAY        0.41          3.13 1963   0.16   0.25     0.10
  MONTH TO DATE    1.72                      3.76  -2.04     2.97
  SINCE DEC 1     31.53                     24.34   7.19    26.01
  SINCE JAN 1     24.94                     19.29   5.65    19.59

SNOWFALL (IN)
  YESTERDAY        0.0
  MONTH TO DATE    0.0
  SINCE MAR 1      0.0
  SINCE JUL 1      2.0
  SNOW DEPTH       0

DEGREE DAYS
 HEATING
  YESTERDAY        0                         0      0        0
  MONTH TO DATE    0                        12    -12        9
  SINCE MAR 1    411                       421    -10      254
  SINCE JUL 1   2526                      2615    -89     1705

 COOLING
  YESTERDAY       13                         8      5        0
  MONTH TO DATE  248                       136    112      112
  SINCE MAR 1    294                       229     65      257
  SINCE JAN 1    308                       233     75      289
..................................................................


WIND (MPH)
  HIGHEST WIND SPEED    38   HIGHEST WIND DIRECTION     N (360)
  HIGHEST GUST SPEED    49   HIGHEST GUST DIRECTION     N (350)
  AVERAGE WIND SPEED     3.8


SKY COVER
  POSSIBLE SUNSHINE  MM
  AVERAGE SKY COVER 0.1


WEATHER CONDITIONS
 THE FOLLOWING WEATHER WAS RECORDED YESTERDAY.
  THUNDERSTORM
  HEAVY RAIN
  RAIN
  LIGHT RAIN
  FOG


RELATIVE HUMIDITY (PERCENT)
 HIGHEST   100          1200 AM
 LOWEST     55           200 PM
 AVERAGE    78

..........................................................


THE TEXARKANA CLIMATE NORMALS FOR TODAY
                         NORMAL    RECORD    YEAR
 MAXIMUM TEMPERATURE (F)   84        94      1921
 MINIMUM TEMPERATURE (F)   63        47      1963


SUNRISE AND SUNSET
MAY 23 2018...........SUNRISE   611 AM CDT   SUNSET   815 PM CDT
MAY 24 2018...........SUNRISE   610 AM CDT   SUNSET   816 PM CDT


-  INDICATES NEGATIVE NUMBERS.
R  INDICATES RECORD WAS SET OR TIED.
MM INDICATES DATA IS MISSING.
T  INDICATES TRACE AMOUNT.




$$
