000
CDUS43 KUNR 210037
CLIUNR


CLIMATE REPORT
NATIONAL WEATHER SERVICE RAPID CITY SD
636 PM MDT SUN MAY 20 2018


...................................

...THE EAST RAPID CITY SD CLIMATE SUMMARY FOR MAY 20 2018...
VALID TODAY AS OF 0600 PM LOCAL TIME.

CLIMATE NORMAL PERIOD 1981 TO 2010
CLIMATE RECORD PERIOD 1888 TO 2018


WEATHER ITEM   OBSERVED RECORD YEAR NORMAL DEPARTURE LAST
                VALUE   VALUE       VALUE  FROM      YEAR
                                           NORMAL
...........................................................
TEMPERATURE (F)
 TODAY
  MAXIMUM         59     90    1964  68     -9       57
  MINIMUM         43     30    1968  46     -3       39
  AVERAGE         51                 57     -6       48

PRECIPITATION (IN)
  TODAY            0.00   4.24 1899   0.16  -0.16     0.00
  MONTH TO DATE    3.08               2.53   0.55     1.17
  SINCE MAR 1      6.34               5.62   0.72     3.60
  SINCE JAN 1      7.53               6.39   1.14     4.39

SNOWFALL (IN)
  TODAY            0.0    1.0  1959   0.0    0.0      0.0
  MONTH TO DATE    0.0                1.8   -1.8      0.0
  SINCE MAR 1     34.3               22.4   11.9      6.0
  SINCE JUL 1     66.4               49.1   17.3     39.2
  SNOW DEPTH       0

DEGREE DAYS
 HEATING
  TODAY           14                  9      5       17
  MONTH TO DATE  174                229    -55      190
  SINCE MAR 1   1881               1741    140     1503
  SINCE JUL 1   6983               6695    288     6099

 COOLING
  TODAY            0                  1     -1        0
  MONTH TO DATE   14                  4     10       13
  SINCE MAR 1     14                  5      9       13
  SINCE JAN 1     14                  5      9       13
...........................................................





WEATHER CONDITIONS
 THE FOLLOWING WEATHER WAS RECORDED TODAY.
  NO SIGNIFICANT WEATHER WAS OBSERVED.


..........................................................


THE EAST RAPID CITY SD CLIMATE NORMALS FOR TOMORROW
                         NORMAL    RECORD    YEAR
 MAXIMUM TEMPERATURE (F)   68        92      1966
 MINIMUM TEMPERATURE (F)   47        27      1931


SUNRISE AND SUNSET
MAY 20 2018...........SUNRISE   521 AM MDT   SUNSET   818 PM MDT
MAY 21 2018...........SUNRISE   521 AM MDT   SUNSET   819 PM MDT


-  INDICATES NEGATIVE NUMBERS.
R  INDICATES RECORD WAS SET OR TIED.
MM INDICATES DATA IS MISSING.
T  INDICATES TRACE AMOUNT.




$$
