000
CDUS45 KRIW 230755
CLIWRL


CLIMATE REPORT
NATIONAL WEATHER SERVICE RIVERTON WY
154 AM MDT MON APR 23 2018


...................................

...THE WORLAND WY CLIMATE SUMMARY FOR APRIL 22 2018...

CLIMATE NORMAL PERIOD 1981 TO 2010
CLIMATE RECORD PERIOD 1947 TO 2018


WEATHER ITEM   OBSERVED TIME   RECORD YEAR NORMAL DEPARTURE LAST
                VALUE   (LST)  VALUE       VALUE  FROM      YEAR
                                                  NORMAL
..................................................................
TEMPERATURE (F)
 YESTERDAY
  MAXIMUM         74    437 PM  87    1986  62     12       58
  MINIMUM         34    435 AM  14    2013  33      1       40
  AVERAGE         54                        48      6       49

PRECIPITATION (IN)
  YESTERDAY        0.00          0.42 2013   0.04  -0.04     0.02
  MONTH TO DATE    0.42                      0.53  -0.11     2.03
  SINCE MAR 1      1.08                      0.99   0.09     3.01
  SINCE JAN 1      1.40                      1.41  -0.01     3.41

DEGREE DAYS
 HEATING
  YESTERDAY       11                        18     -7       16
  MONTH TO DATE  519                       452     67      407
  SINCE MAR 1   1445                      1337    108     1077
  SINCE JUL 1   7772                      7338    434     6952

 COOLING
  YESTERDAY        0                         0      0        0
  MONTH TO DATE    0                         0      0        0
  SINCE MAR 1      0                         0      0        0
  SINCE JAN 1      0                         0      0        0
..................................................................


WIND (MPH)
  HIGHEST WIND SPEED    13   HIGHEST WIND DIRECTION     N (340)
  HIGHEST GUST SPEED    15   HIGHEST GUST DIRECTION     N (340)
  AVERAGE WIND SPEED     4.8


SKY COVER
  POSSIBLE SUNSHINE  MM
  AVERAGE SKY COVER 0.0


WEATHER CONDITIONS
 THE FOLLOWING WEATHER WAS RECORDED YESTERDAY.
  NO SIGNIFICANT WEATHER WAS OBSERVED.


RELATIVE HUMIDITY (PERCENT)
 HIGHEST    82           300 AM
 LOWEST     20           400 PM
 AVERAGE    51

..........................................................


THE WORLAND WY CLIMATE NORMALS FOR TODAY
                         NORMAL    RECORD    YEAR
 MAXIMUM TEMPERATURE (F)   62        88      2012
 MINIMUM TEMPERATURE (F)   33         4      2013


SUNRISE AND SUNSET
APRIL 23 2018.........SUNRISE   615 AM MDT   SUNSET   806 PM MDT
APRIL 24 2018.........SUNRISE   614 AM MDT   SUNSET   807 PM MDT


-  INDICATES NEGATIVE NUMBERS.
R  INDICATES RECORD WAS SET OR TIED.
MM INDICATES DATA IS MISSING.
T  INDICATES TRACE AMOUNT.




$$
