000
CDUS46 KPDT 240845
CLIYKM

CLIMATE REPORT
NATIONAL WEATHER SERVICE PENDLETON OR
139 AM PDT THU MAY 24 2018


...................................

...THE YAKIMA WA CLIMATE SUMMARY FOR MAY 23 2018...

CLIMATE NORMAL PERIOD 1981 TO 2010
CLIMATE RECORD PERIOD 1946 TO 2018


WEATHER ITEM   OBSERVED TIME   RECORD YEAR NORMAL DEPARTURE LAST
                VALUE   (LST)  VALUE       VALUE  FROM      YEAR
                                                  NORMAL
..................................................................
TEMPERATURE (F)
 YESTERDAY
  MAXIMUM         89    208 PM  98    2001  74     15       95
  MINIMUM         54    406 AM  26    1964  44     10       50
  AVERAGE         72                        59     13       73

PRECIPITATION (IN)
  YESTERDAY        0.00          0.29 1989   0.02  -0.02     0.00
  MONTH TO DATE    0.13                      0.41  -0.28     0.46
  SINCE OCT 1      4.64                      6.62  -1.98    11.21
  SINCE JAN 1      2.35                      3.50  -1.15     7.29

SNOWFALL (IN)
  YESTERDAY        0.0           0.0  2002   0.0    0.0      0.0
                                      2001
                                      2000
  MONTH TO DATE    0.0                       0.0    0.0      0.0
  SINCE JAN 1      0.8                       8.6   -7.8     29.1
  SINCE JUL 1      2.4                      21.6  -19.2     36.5
  SNOW DEPTH       0

DEGREE DAYS
 HEATING
  YESTERDAY        0                         7     -7        0
  MONTH TO DATE   27                       215   -188      154
  SINCE MAR 1   1040                      1370   -330     1180
  SINCE JUL 1   4806                      5897  -1091     5609

 COOLING
  YESTERDAY        7                         1      6        8
  MONTH TO DATE   74                        12     62       22
  SINCE MAR 1     74                        13     61       22
  SINCE JAN 1     74                        13     61       22
..................................................................


WIND (MPH)
  HIGHEST WIND SPEED    20   HIGHEST WIND DIRECTION    NW (320)
  HIGHEST GUST SPEED    25   HIGHEST GUST DIRECTION    NW (310)
  AVERAGE WIND SPEED     6.2


SKY COVER
  POSSIBLE SUNSHINE  MM
  AVERAGE SKY COVER 0.0


WEATHER CONDITIONS
 THE FOLLOWING WEATHER WAS RECORDED YESTERDAY.
  THUNDERSTORM


RELATIVE HUMIDITY (PERCENT)
 HIGHEST    83           400 AM
 LOWEST     22           100 PM
 AVERAGE    53

..........................................................


THE YAKIMA WA CLIMATE NORMALS FOR TODAY
                         NORMAL    RECORD    YEAR
 MAXIMUM TEMPERATURE (F)   75        94      1999
 MINIMUM TEMPERATURE (F)   44        30      1989


SUNRISE AND SUNSET
MAY 24 2018...........SUNRISE   519 AM PDT   SUNSET   840 PM PDT
MAY 25 2018...........SUNRISE   518 AM PDT   SUNSET   841 PM PDT


-  INDICATES NEGATIVE NUMBERS.
R  INDICATES RECORD WAS SET OR TIED.
MM INDICATES DATA IS MISSING.
T  INDICATES TRACE AMOUNT.




$$
