000
CXUS53 KABR 011552
CLM8D3
CLIMATE REPORT
NATIONAL WEATHER SERVICE ABERDEEN SD
952 AM CST FRI MAR 01 2024
...................................
...THE SISSETON SD CLIMATE SUMMARY FOR THE MONTH OF FEBRUARY 2024...
CLIMATE NORMAL PERIOD 1991 TO 2020
CLIMATE RECORD PERIOD 1932 TO 2024
WEATHER OBSERVED NORMAL DEPART LAST YEAR`S
VALUE DATE(S) VALUE FROM VALUE DATE(S)
NORMAL
................................................................
TEMPERATURE (F)
RECORD
HIGH 68 02/25/1958
LOW -33 02/09/1994
HIGHEST 65 02/26 28 37 47 02/11
LOWEST -4 02/28 MM MM -17 02/24
AVG. MAXIMUM 40.9 27.0 13.9 29.9
AVG. MINIMUM 21.4 8.2 13.2 7.4
MEAN 31.1 17.6 13.5 18.7
DAYS MAX >= 90 0 0.0 0.0 0
DAYS MAX <= 32 5 19.3 -14.3 12
DAYS MIN <= 32 26 27.3 -1.3 28
DAYS MIN <= 0 1 10.1 -9.1 11
PRECIPITATION (INCHES)
RECORD
MAXIMUM 2.03 1998
MINIMUM T 1934
TOTALS 0.14 0.70 -0.56 0.79
DAYS >= .01 2 8.0 -6.0 9
DAYS >= .10 0 2.2 -2.2 4
DAYS >= .50 0 0.3 -0.3 0
DAYS >= 1.00 0 0.0 0.0 0
SNOWFALL (INCHES)
RECORDS
TOTAL 20.5 2013
SNOW DEPTH 16 02/25/2022
02/24/2022
02/23/2022
TOTALS 0.6 7.3 -6.7 14.1
SINCE 7/1 4.2 24.6 -20.4 MM
SNOWDEPTH AVG. 0 6
DAYS >= TRACE 5 5.3 -0.3 9
DAYS >= 1.0 0 2.6 -2.6 5
GREATEST
SNOW DEPTH 1 02/15 13 02/25
02/26
02/27
DEGREE DAYS
HEATING TOTAL 973 1327 -354 1289
SINCE 7/1 5052 6217 -1165 MM
COOLING TOTAL 0 0 0 0
SINCE 1/1 0 0 0 MM
FREEZE DATES
RECORD
EARLIEST MM
LATEST MM
EARLIEST 10/07
LATEST 04/26
................................................................
WIND (MPH)
AVERAGE WIND SPEED 10.7
RESULTANT WIND SPEED/DIRECTION 3/290
HIGHEST WIND SPEED/DIRECTION 41/330 DATE 02/27
HIGHEST GUST SPEED/DIRECTION 55/330 DATE 02/27
SKY COVER
POSSIBLE SUNSHINE (PERCENT) MM
AVERAGE SKY COVER 0.00
NUMBER OF DAYS FAIR 29
NUMBER OF DAYS PC 0
NUMBER OF DAYS CLOUDY 0
AVERAGE RH (PERCENT) 75
WEATHER CONDITIONS. NUMBER OF DAYS WITH
THUNDERSTORM 0 MIXED PRECIP 0
HEAVY RAIN 0 RAIN 0
LIGHT RAIN 0 FREEZING RAIN 0
LT FREEZING RAIN 0 HAIL 0
HEAVY SNOW 0 SNOW 0
LIGHT SNOW 0 SLEET 0
FOG 0 FOG W/VIS <= 1/4 MILE 0
HAZE 0
- INDICATES NEGATIVE NUMBERS.
R INDICATES RECORD WAS SET OR TIED.
MM INDICATES DATA IS MISSING.
T INDICATES TRACE AMOUNT.
$$