027
CXUS52 KTAE 011237
CLMAAF

CLIMATE REPORT
NATIONAL WEATHER SERVICE TALLAHASSEE FL
834 AM EDT SUN APR 1 2018

...................................

...THE APALACHICOLA CLIMATE SUMMARY FOR THE MONTH OF MARCH 2018...

CLIMATE NORMAL PERIOD 1981 TO 2010
CLIMATE RECORD PERIOD 1931 TO 2018

WEATHER         OBSERVED                   LAST YEAR`S
                 VALUE   DATE(S)           VALUE  DATE(S)

.........................................................
TEMPERATURE (F)
HIGHEST            82   03/01                  90  03/22
LOWEST             34   03/15                  34  03/16
                        03/09
AVG. MAXIMUM     71.3                        73.2
AVG. MINIMUM     50.2                        54.0
MEAN             60.7                        63.6
DAYS MAX >= 90      0                           1
DAYS MAX <= 32      0                           0
DAYS MIN <= 32      0                           0
DAYS MIN <= 0       0                           0

PRECIPITATION (INCHES)
TOTALS           0.54                        1.16
DAILY AVG.       0.02                        0.04
DAYS >= .01         7                           3
DAYS >= .10         2                           3
DAYS >= .50         0                           1
DAYS >= 1.00        0                           0
GREATEST
 24 HR. TOTAL    0.25   03/11 TO 03/11       0.85

DEGREE_DAYS
HEATING TOTAL     174                         111
 SINCE 7/1       1073                         653
COOLING TOTAL      50                          74
 SINCE 1/1        121                         143
..........................................................

WIND (MPH)
AVERAGE WIND SPEED              8.7
HIGHEST WIND SPEED/DIRECTION    30/300    DATE  03/20
HIGHEST GUST SPEED/DIRECTION    43/280    DATE  03/20

SKY COVER
AVERAGE SKY COVER           0.20

AVERAGE RH (PERCENT)     73

WEATHER CONDITIONS. NUMBER OF DAYS WITH
  0
  2
  0
  0
  0
  0
  1
HAZE                      1

-  INDICATES NEGATIVE NUMBERS.
R  INDICATES RECORD WAS SET OR TIED.
MM INDICATES DATA IS MISSING.
T  INDICATES TRACE AMOUNT.

$$
