000
CXUS51 KBUF 012206
CLMART


CLIMATE REPORT
NATIONAL WEATHER SERVICE BUFFALO NY
541 PM EDT TUE MAY 1 2018

...................................

...THE WATERTOWN NY CLIMATE SUMMARY FOR THE MONTH OF APRIL 2018...

CLIMATE NORMAL PERIOD 1981 TO 2010
CLIMATE RECORD PERIOD 1949 TO 2018

WEATHER         OBSERVED          NORMAL  DEPART  LAST YEAR`S
                 VALUE   DATE(S)  VALUE   FROM    VALUE  DATE(S)
                                          NORMAL
................................................................
TEMPERATURE (F)
RECORD
 HIGH              89   04/28/1990
 LOW                6   04/01/1965
HIGHEST            68   04/24                         86  04/27
LOWEST             17   04/09                         24  04/14
                        04/02
AVG. MAXIMUM     46.1              54.5    -8.4     57.9
AVG. MINIMUM     28.8              33.2    -4.4     37.3
MEAN             37.5              43.9    -6.4     47.6
DAYS MAX >= 90      0               0.0     0.0        0
DAYS MAX <= 32      1               0.3     0.7        0
DAYS MIN <= 32     21              13.9     7.1       10
DAYS MIN <= 0       0               0.0     0.0        0

PRECIPITATION (INCHES)
RECORD
 MAXIMUM         5.42   2011
 MINIMUM         0.61   2001
TOTALS           3.31              2.90    0.41     4.07
DAYS >= .01        16              12.8     3.2       14
DAYS >= .10        10               7.2     2.8       10
DAYS >= .50         2               1.6     0.4        2
DAYS >= 1.00        0               0.5    -0.5        2
GREATEST
 24 HR. TOTAL    0.77   04/16

DEGREE_DAYS
HEATING TOTAL     818               636     182      521
 SINCE 7/1       7118              7143     -25     6306
COOLING TOTAL       0                 1      -1        7
 SINCE 1/1          0                 1      -1        7
.................................................................

WIND (MPH)
AVERAGE WIND SPEED              9.6
HIGHEST WIND SPEED/DIRECTION    39/260    DATE  04/04
HIGHEST GUST SPEED/DIRECTION    62/260    DATE  04/04

SKY COVER
POSSIBLE SUNSHINE (PERCENT)   MM
AVERAGE SKY COVER           0.60
NUMBER OF DAYS FAIR            7
NUMBER OF DAYS PC              9
NUMBER OF DAYS CLOUDY         14

AVERAGE RH (PERCENT)     75

WEATHER CONDITIONS. NUMBER OF DAYS WITH
THUNDERSTORM              1     MIXED PRECIP               0
HEAVY RAIN                2     RAIN                       8
LIGHT RAIN               16     FREEZING RAIN              2
LT FREEZING RAIN          2     HAIL                       0
HEAVY SNOW                0     SNOW                       1
LIGHT SNOW                8     SLEET                      0
FOG                      19     FOG W/VIS <= 1/4 MILE      3
HAZE                      8

-  INDICATES NEGATIVE NUMBERS.
R  INDICATES RECORD WAS SET OR TIED.
MM INDICATES DATA IS MISSING.
T  INDICATES TRACE AMOUNT.

$$
