000
CXUS53 KDVN 011010
CLMBRL


CLIMATE REPORT
NATIONAL WEATHER SERVICE QUAD CITIES IA IL
500 AM CDT SUN APR 1 2018

...................................

...THE BURLINGTON IA CLIMATE SUMMARY FOR THE MONTH OF MARCH 2018...

CLIMATE NORMAL PERIOD 1981 TO 2010
CLIMATE RECORD PERIOD 1897 TO 2018

WEATHER         OBSERVED          NORMAL  DEPART
                 VALUE   DATE(S)  VALUE   FROM
                                          NORMAL
................................................
TEMPERATURE (F)
RECORD
 HIGH              88   03/29/1986
                        03/23/1910
                        03/21/1907
 LOW              -13   03/05/1960
HIGHEST            62   03/31        59       3
LOWEST             19   03/08        26      -7
AVG. MAXIMUM     47.4              51.5    -4.1
AVG. MINIMUM     29.2              31.7    -2.5
MEAN             38.3              41.6    -3.3
DAYS MAX >= 90      0
DAYS MAX <= 32      0
DAYS MIN <= 32     24
DAYS MIN <= 0       0

PRECIPITATION (INCHES)
TOTALS           2.90              2.79    0.11
DAILY AVG.       0.09              0.09    0.00
DAYS >= .01        12
DAYS >= .10         6
DAYS >= .50         2
DAYS >= 1.00        0
GREATEST
 24 HR. TOTAL    1.15   03/23 TO 03/24

DEGREE_DAYS
HEATING TOTAL     820               728      92
 SINCE 7/1       5313              5106     207
COOLING TOTAL       0                 2      -2
 SINCE 1/1          0                 2      -2
.................................................

WIND (MPH)
AVERAGE WIND SPEED              10.3
HIGHEST WIND SPEED/DIRECTION    28/240    DATE  03/31
HIGHEST GUST SPEED/DIRECTION    39/270    DATE  03/31

SKY COVER
AVERAGE SKY COVER           0.40
NUMBER OF DAYS FAIR           12
NUMBER OF DAYS PC             11
NUMBER OF DAYS CLOUDY          8

AVERAGE RH (PERCENT)     64

WEATHER CONDITIONS. NUMBER OF DAYS WITH
THUNDERSTORM              1     HAIL                       0
SLEET                     0     FOG                       13
FOG W/VIS <= 1/4 MILE     2     HAZE                       4

-  INDICATES NEGATIVE NUMBERS.
R  INDICATES RECORD WAS SET OR TIED.
MM INDICATES DATA IS MISSING.
T  INDICATES TRACE AMOUNT.

$$
