000
CXUS51 KGYX 180238
CLMCON

PWMCLMCON 000
TTAA00 KGYX 081945


CLIMATE REPORT
NATIONAL WEATHER SERVICE GRAY ME
1037 PM EDT TUE APR 17 2018

...................................

...THE CONCORD NH CLIMATE SUMMARY FOR THE MONTH OF MARCH 2018...

CLIMATE NORMAL PERIOD 1981 TO 2010
CLIMATE RECORD PERIOD 1868 TO 2018

WEATHER         OBSERVED          NORMAL  DEPART  LAST YEAR`S
                 VALUE   DATE(S)  VALUE   FROM    VALUE  DATE(S)
                                          NORMAL
................................................................
TEMPERATURE (F)
RECORD
 HIGH              89   03/31/1998
 LOW              -20   03/06/1869
HIGHEST            58   03/28        67      -9       64  03/01
LOWEST              8   03/19         0       8        2  03/06
AVG. MAXIMUM     42.3              43.8    -1.5     38.6
AVG. MINIMUM     24.7              22.5     2.2     19.7
MEAN             33.5              33.1     0.4     29.1
DAYS MAX >= 90      0               0.0     0.0        0
DAYS MAX <= 32      2               3.5    -1.5        7
DAYS MIN <= 32     25              26.1    -1.1       28
DAYS MIN <= 0       0               0.8    -0.8        0

PRECIPITATION (INCHES)
RECORD
 MAXIMUM         9.80   1936
 MINIMUM            T   1915
TOTALS           2.58              3.27   -0.69     3.98
DAILY AVG.       0.08              0.11   -0.03     0.13
DAYS >= .01        11              11.5    -0.5       12
DAYS >= .10         5               6.7    -1.7        6
DAYS >= .50         3               2.1     0.9        3
DAYS >= 1.00        0               0.6    -0.6        1
GREATEST
 24 HR. TOTAL    0.87   03/13

SNOWFALL (INCHES)
RECORDS
 TOTAL           38.3   1956
TOTALS           28.7              11.1    17.6     22.4
SINCE 7/1        86.2              58.6    27.6     79.4
SNOWDEPTH AVG.      6
DAYS >= TRACE      14               5.3     8.7       10
DAYS >= 1.0         4               2.9     1.1        2
GREATEST
 SNOW DEPTH        18   03/14
 24 HR TOTAL     16.7   03/13 TO 03/14

DEGREE_DAYS
HEATING TOTAL     969               987     -18     1104
 SINCE 7/1       5766              6247    -481     5602
COOLING TOTAL       0                 0       0        0
 SINCE 1/1          0                 0       0        0
.................................................................

WIND (MPH)
AVERAGE WIND SPEED              8.7
HIGHEST WIND SPEED/DIRECTION    32/330    DATE  03/17
HIGHEST GUST SPEED/DIRECTION    43/310    DATE  03/16

SKY COVER
AVERAGE SKY COVER           0.50

AVERAGE RH (PERCENT)     62

-  INDICATES NEGATIVE NUMBERS.
R  INDICATES RECORD WAS SET OR TIED.
MM INDICATES DATA IS MISSING.
T  INDICATES TRACE AMOUNT.

&&

AFTER SOME WARM WEATHER IN THE LAST HALF OF FEBRUARY, CONCORD SAW
ITS WINTER SNOW COVER RAPIDLY DWINDLING. AFTER THE FIRST WEEK OF
MARCH ONLY 1 INCH REMAINED. THIS MAY HAVE LED RESIDENTS TO EXPECT AN
EARLY SPRING, BUT THAT IS NOT WHAT WAS IN STORE. A NOR`EASTER
BROUGHT HEAVY SNOWFALL ON THE 7TH AND 8TH WHEN 11 INCHES OF SNOW WAS
MEASURED. SOME COLDER TEMPERATURES MOVED IN BEHIND THE STORM WITH A
REPLENISHED WINTER SNOW PACK RETURNING. ANOTHER POWERFUL NOR`EASTER
BROUGHT ANOTHER 17 INCHES OF SNOW ON THE 13TH AND 14TH, THIS TIME
ACCOMPANIED BY STRONG WINDS AS WELL. EVEN COLDER WEATHER MOVED IN
BEHIND THIS STORM, BRINGING WINTER-LIKE COLD IN THE MIDDLE OF MARCH.
THE WORST OF THE COLD BEGAN TO ABATE JUST AS ASTRONOMICAL SPRING
BEGAN, WITH THE REST OF THE MONTH SEEING GRADUALLY WARMING
TEMPERATURES AND A SLOW MELT OFF OF THE SECOND WINTER SNOW PACK. THE
LAST 4 DAYS OF MARCH SAW TEMPERATURES IN THE 50S, INCLUDING 58
DEGREES ON MARCH 29, SPRING-LIKE WARMTH WHICH HAD NOT BEEN SEEN
SINCE FEBRUARY.

THE AVERAGE TEMPERATURE FOR THE MONTH WAS 33.5 DEGREES WHICH WAS 0.4
DEGREES ABOVE NORMAL. ALTHOUGH DAYTIME HIGHS WERE COLDER THAN
NORMAL, NIGHTTIME LOWS WERE WARM ENOUGH TO BRING THE MONTHLY AVERAGE
ABOVE NORMAL. THE WARMEST MARCH ON RECORD WAS IN 2012 WHEN THE
AVERAGE TEMPERATURE WAS 41.1 DEGREES. THE COLDEST WAS IN 1885 WHEN
IT WAS 23.5 DEGREES.

A TOTAL OF 2.58 INCHES OF PRECIPITATION FELL WHICH WAS 0.69 INCHES
BELOW NORMAL. THE HEAVIEST PRECIPITATION FELL DURING THE SECOND
MAJOR SNOWSTORM WHEN 1.00 INCHES OF LIQUID EQUIVALENT PRECIPITATION
WAS RECORDED ON MARCH 13 AND 14. THE DRIEST MARCH ON RECORD WAS IN
1915 WHEN ONLY A TRACE OF PRECIPITATION WAS RECORDED. THE WETTEST
WAS IN 1936 WHEN 9.80 INCHES FELL.

THERE WAS 28.7 INCHES OF SNOWFALL WHICH WAS 17.6 INCHES ABOVE NORMAL
AND THE SNOWIEST MARCH SINCE 2001. THERE WERE TWO MAJOR SNOWSTORMS
WHICH EACH BROUGHT MORE THAN 10 INCHES OF SNOWFALL ON THE 7TH AND
8TH AND AGAIN ON THE 13TH AND 14TH. THE SNOWIEST MARCH ON RECORD WAS
IN 1956 WHEN 38.3 INCHES OF SNOW FELL. THE LEAST SNOWY WAS IN 1921
WHEN NO SNOW WAS OBSERVED. THERE HAVE BEEN 3 OTHER YEARS WHEN ONLY A
TRACE OF SNOW WAS OBSERVED IN MARCH, MOST RECENTLY IN 2010.

NO DAILY RECORDS WERE SET OR TIED IN MARCH 2018.

$$

KIMBLE
