000
CXUS52 KAKQ 010937
CLMECG
CLIMATE REPORT
NATIONAL WEATHER SERVICE WAKEFIELD VA
537 AM EDT MON APR 01 2024
...................................
...THE ELIZABETH CITY NC CLIMATE SUMMARY FOR THE MONTH OF MARCH 2024...
CLIMATE NORMAL PERIOD: 1991 TO 2020
CLIMATE RECORD PERIOD: 1934 TO 2024
WEATHER OBSERVED NORMAL DEPART LAST YEAR`S
VALUE DATE(S) VALUE FROM VALUE DATE(S)
NORMAL
................................................................
TEMPERATURE (F)
RECORD
HIGH 92 03/17/1945
LOW 11 03/14/1993
HIGHEST 81 03/15 80 1 86 03/24
LOWEST 32 03/19 25 7 24 03/21
AVG. MAXIMUM 63.9 61.3 2.6 63.5
AVG. MINIMUM 44.0 40.5 3.5 41.9
MEAN 54.0 50.9 3.1 52.7
DAYS MAX >= 90 0 0.0 0.0 0
DAYS MAX <= 32 0 0.0 0.0 0
DAYS MIN <= 32 1 6.5 -5.5 7
DAYS MIN <= 0 0 0.0 0.0 0
PRECIPITATION (INCHES)
RECORD
MAXIMUM 8.61 2002
MINIMUM 0.75 2007
TOTALS 9.25 3.59 5.66 2.10
DAILY AVG. 0.30 0.12 0.18 0.07
DAYS >= .01 10 10.5 -0.5 11
DAYS >= .10 7 6.8 0.2 8
DAYS >= .50 5 2.7 2.3 0
DAYS >= 1.00 5 0.6 4.4 0
GREATEST
24 HR. TOTAL 2.16 03/28 TO 03/28
SNOWFALL (INCHES)
RECORDS
TOTAL 18.0 1980
TOTALS 0.0
SINCE 7/1 0.0 MM MM MM
SNOWDEPTH AVG. 0 0
DAYS >= 1.0 0 MM MM 0
GREATEST
SNOW DEPTH 0 0 MM
24 HR TOTAL 0.0 MM 0.0
DEGREE DAYS
HEATING TOTAL 339 446 -107 383
SINCE 7/1 2531 2805 -274 MM
COOLING TOTAL 4 9 -5 8
SINCE 1/1 10 12 -2 MM
................................................................
WIND (MPH)
AVERAGE WIND SPEED 10.8
HIGHEST WIND SPEED/DIRECTION 32/310 DATE 03/10
HIGHEST GUST SPEED/DIRECTION 46/310 DATE 03/10
SKY COVER
POSSIBLE SUNSHINE (PERCENT) MM
AVERAGE SKY COVER 0.39
AVERAGE RH (PERCENT) 70
WEATHER CONDITIONS. NUMBER OF DAYS WITH
THUNDERSTORM 2 MIXED PRECIP 0
HEAVY RAIN 7 RAIN 9
LIGHT RAIN 11 FREEZING RAIN 0
LT FREEZING RAIN 0 HAIL 0
HEAVY SNOW 0 SNOW 0
LIGHT SNOW 0 SLEET 0
FOG 15 FOG W/VIS <= 1/4 MILE 2
HAZE 0
- INDICATES NEGATIVE NUMBERS.
R INDICATES RECORD WAS SET OR TIED.
MM INDICATES DATA IS MISSING.
T INDICATES TRACE AMOUNT.
$$