000
CXUS53 KLMK 011709
CLMFFT


CLIMATE REPORT
NATIONAL WEATHER SERVICE LOUISVILLE KY
1250 PM EDT SUN APR 1 2018

...................................

...THE FRANKFORT KY CLIMATE SUMMARY FOR THE MONTH OF MARCH 2018...

CLIMATE NORMAL PERIOD 1981 TO 2010
CLIMATE RECORD PERIOD 1895 TO 2018

WEATHER         OBSERVED          NORMAL  DEPART  LAST YEAR`S
                 VALUE   DATE(S)  VALUE   FROM    VALUE  DATE(S)
                                          NORMAL
................................................................
TEMPERATURE (F)
RECORD
 HIGH              87   03/25/1929
 LOW              -10   03/06/2015
HIGHEST            68   03/27        MM      MM       80  03/30
LOWEST             22   03/14        MM      MM       15  03/16
                        03/09
AVG. MAXIMUM     52.6              56.0    -3.4     58.8
AVG. MINIMUM     33.2              33.8    -0.6     36.6
MEAN             42.9              44.9    -2.0     47.7
DAYS MAX >= 90      0               0.0     0.0        0
DAYS MAX <= 32      0               0.4    -0.4        0
DAYS MIN <= 32     16              14.1     1.9       14
DAYS MIN <= 0       0               0.0     0.0        0

PRECIPITATION (INCHES)
RECORD
 MAXIMUM        13.59   1964
 MINIMUM         0.18   1910
TOTALS           4.73              4.38    0.35     5.09
DAILY AVG.       0.15              0.14    0.01     0.16
DAYS >= .01        20                MM      MM       10
DAYS >= .10         9                MM      MM        7
DAYS >= .50         4                MM      MM        2
DAYS >= 1.00        1                MM      MM        2
GREATEST
 24 HR. TOTAL    1.16   03/24 TO 03/24

SNOWFALL (INCHES)
RECORDS
 TOTAL             MM   MM
TOTALS             MM                MM      MM       MM
SINCE 7/1          MM                MM      MM       MM
SNOWDEPTH AVG.     MM                MM      MM       MM
DAYS >= 1.0         0                MM      MM        0
GREATEST
 SNOW DEPTH        MM                                 MM  MM
 24 HR TOTAL       MM

DEGREE_DAYS
HEATING TOTAL     678               625      53      533
 SINCE 7/1       4056              4264    -208     3303
COOLING TOTAL       0                 2      -2        6
 SINCE 1/1          7                 2       5        9
.................................................................

WIND (MPH)
AVERAGE WIND SPEED              8.1
HIGHEST WIND SPEED/DIRECTION    26/220    DATE  03/06
HIGHEST GUST SPEED/DIRECTION    44/260    DATE  03/01

SKY COVER
POSSIBLE SUNSHINE (PERCENT)   MM
AVERAGE SKY COVER           0.60
NUMBER OF DAYS FAIR           10
NUMBER OF DAYS PC              9
NUMBER OF DAYS CLOUDY         12

AVERAGE RH (PERCENT)     61

WEATHER CONDITIONS. NUMBER OF DAYS WITH
THUNDERSTORM         2        MIXED PRECIP            0
HEAVY RAIN           4        RAIN                    8
LIGHT RAIN          16        FREEZING RAIN           0
LT FREEZING RAIN     0        HAIL                    0
HEAVY SNOW           1        SNOW                    2
LIGHT SNOW          11        SLEET                   0
FOG                 16        FOG W/VIZ <= 1/4 MILE   2
HAZE                10

-  INDICATES NEGATIVE NUMBERS.
R  INDICATES RECORD WAS SET OR TIED.
MM INDICATES DATA IS MISSING.
T  INDICATES TRACE AMOUNT.

$$
