112
CXUS53 KDTX 161518 AAA
CLMFNT

CLIMATE REPORT
NATIONAL WEATHER SERVICE DETROIT/PONTIAC MI
544 PM EDT TUE MAY 1 2018

...................................

...THE FLINT MI CLIMATE SUMMARY FOR THE MONTH OF APRIL 2018...

CLIMATE NORMAL PERIOD 1981 TO 2010
CLIMATE RECORD PERIOD 1921 TO 2018

WEATHER         OBSERVED          NORMAL  DEPART
                 VALUE   DATE(S)  VALUE   FROM
                                          NORMAL
................................................
TEMPERATURE (F)
RECORD
 HIGH              88   04/24/1925
                        04/23/1925
 LOW                6   04/07/1982
HIGHEST            72   04/23        MM      MM
LOWEST             16   04/08        MM      MM
                        04/07
AVG. MAXIMUM     49.3              57.3    -8.0
AVG. MINIMUM     28.9              35.5    -6.6
MEAN             39.1              46.4    -7.3
DAYS MAX >= 90      0               0.0     0.0
DAYS MAX <= 32      1               0.3     0.7
DAYS MIN <= 32     23              11.1    11.9
DAYS MIN <= 0       0               0.0     0.0

PRECIPITATION (INCHES)
RECORD
 MAXIMUM         6.44   2013
 MINIMUM         0.62   1942
TOTALS           3.11              2.89    0.22
DAILY AVG.       0.10              0.10    0.00
DAYS >= .01        12              12.6    -0.6
DAYS >= .10         5               6.8    -1.8
DAYS >= .50         3               1.4     1.6
DAYS >= 1.00        1               0.4     0.6
GREATEST
 24 HR. TOTAL    1.00   04/15 TO 04/15
 STORM TOTAL       MM
 (MM/DD(HH))            MM

SNOWFALL (INCHES)
RECORDS
 TOTAL           17.3   1975
                        0
                        0
TOTALS            7.9               2.3     5.6
 LIQUID EQUIV    0.79              0.20    0.59
SINCE 7/1        85.3              47.4    37.9
 LIQUID 7/1      8.53
DAYS >= TRACE      12               2.3     9.7
DAYS >= 1.0         3               0.6     2.4
GREATEST
 SNOW DEPTH         3   04/06
 24 HR TOTAL      3.2R  04/06 TO 04/06
 STORM TOTAL       MM
 (MM/DD(HH))            MM

DEGREE_DAYS
HEATING TOTAL     768               562     206
 SINCE 7/1       6749              6607     142
COOLING TOTAL       0                 4      -4
 SINCE 1/1          0                 4      -4

FREEZE DATES
RECORD
 EARLIEST     MM
 LATEST       MM
EARLIEST                        MM
LATEST                          MM
.................................................

WIND (MPH)
AVERAGE WIND SPEED              9.7
HIGHEST WIND SPEED/DIRECTION    36/280    DATE  04/06
HIGHEST GUST SPEED/DIRECTION    43/290    DATE  04/04

SKY COVER
POSSIBLE SUNSHINE (PERCENT)   MM
AVERAGE SKY COVER           0.50
NUMBER OF DAYS FAIR           11
NUMBER OF DAYS PC              8
NUMBER OF DAYS CLOUDY         11

AVERAGE RH (PERCENT)     66


-  INDICATES NEGATIVE NUMBERS.
R  INDICATES RECORD WAS SET OR TIED.
MM INDICATES DATA IS MISSING.
T  INDICATES TRACE AMOUNT.

$$

================================================================
       SOUTHEAST MICHIGAN CLIMATE SUMMARY FOR APRIL 2018


APRIL 2018 MONTHLY STATISTICS AND RANKINGS
-----------------------------------------------------------------

SNOWFALL
                ACTUAL    NORMAL    DEPARTURE     RANKING
DETROIT AREA     2.4"      1.7"       +0.7"     33RD SNOWIEST
FLINT AREA       7.9"      2.3"       +5.6"      6TH SNOWIEST
SAGINAW          5.5"      1.7"       +3.8"     14TH SNOWIEST

SNOW YEAR SINCE JULY 1*

                ACTUAL    NORMAL     DEPARTURE     RANKING
DETROIT AREA    61.0"      40.8"      +17.8"     15TH SNOWIEST
FLINT AREA      85.3"      45.1"      +32.3"      1ST SNOWIEST
SAGINAW         41.4"      41.5"       -0.1"     53RD LEAST SNOWY

      *NORMAL TO DATE (AS OF APRIL 30, 2018)

PRECIPITATION
                ACTUAL    NORMAL     DEPARTURE     RANKING
DETROIT AREA    3.79"      2.90"      +0.89"     30TH WETTEST
FLINT AREA      3.11"      2.89"      +0.22"     38TH WETTEST
SAGINAW         2.54"      2.89"      -0.35"     53RD WETTEST


PRECIPITATION SINCE JANUARY 1*

                ACTUAL    NORMAL     DEPARTURE     RANKING
DETROIT AREA    12.05"     9.16"      +2.89"     22ND WETTEST
FLINT AREA      10.10"     7.91"      +2.19"     19TH WETTEST
SAGINAW          7.16"     8.27"      -1.11"     46TH DRIEST

      *NORMAL TO DATE (AS OF APRIL 30, 2018)

AVERAGE TEMPERATURE
                ACTUAL    NORMAL     DEPARTURE     RANKING
DETROIT AREA     43.0      49.2       -6.2       13TH COLDEST
FLINT AREA       39.1      46.4       -7.3        1ST COLDEST
SAGINAW          39.0      46.1       -7.1        2ND COLDEST

AVERAGE HIGH TEMPERATURE
                ACTUAL    NORMAL     DEPARTURE     RANKING
DETROIT AREA     52.3      59.1       -6.8       19TH COLDEST
FLINT AREA       49.3      57.3       -8.0        3RD COLDEST
SAGINAW          48.5      56.1       -7.6        3RD COLDEST

AVERAGE LOW TEMPERATURE
                ACTUAL    NORMAL     DEPARTURE     RANKING
DETROIT AREA     33.6      39.4       -5.8       11TH COLDEST
FLINT AREA       28.9      35.5       -6.6        1ST COLDEST
SAGINAW          29.5      36.0       -6.5        3RD COLDEST


DETROIT AREA HAS A CLIMATE RECORD DATING TO NOVEMBER 1874
FLINT AREA HAS A CLIMATE RECORD DATING TO JANUARY 1921
SAGINAW HAS A CLIMATE RECORD DATING TO 1912
