000
CXUS52 KGSP 011028
CLMGSP

CLIMATE REPORT
NATIONAL WEATHER SERVICE GREENVILLE-SPARTANBURG SC
628 AM EDT TUE MAY 1 2018

...................................

...THE GREENVILLE-SPARTANBURG CLIMATE SUMMARY FOR THE MONTH OF APRIL 2018...

CLIMATE NORMAL PERIOD 1981 TO 2010
CLIMATE RECORD PERIOD 1884 TO 2018

WEATHER         OBSERVED          NORMAL  DEPART  LAST YEAR`S
                 VALUE   DATE(S)  VALUE   FROM    VALUE  DATE(S)
                                          NORMAL
................................................................
TEMPERATURE (F)
RECORD
 HIGH              94   04/20/1917
 LOW               22   04/15/1907
                        04/14/1907
HIGHEST            82   04/18        MM      MM       86  04/21
                        04/14
LOWEST             30   04/17        MM      MM       40  04/09
AVG. MAXIMUM     70.7              72.8    -2.1     75.4
AVG. MINIMUM     46.1              48.3    -2.2     55.0
MEAN             58.4              60.5    -2.1     65.2
DAYS MAX >= 90      0               0.3    -0.3        0
DAYS MAX <= 32      0               0.0     0.0        0
DAYS MIN <= 32      1               0.6     0.4        0
DAYS MIN <= 0       0               0.0     0.0        0

PRECIPITATION (INCHES)
RECORD
 MAXIMUM        11.30   1964
 MINIMUM         0.57   1915
TOTALS           5.58              3.36    2.22     7.30
DAILY AVG.       0.19              0.11    0.08     0.24
DAYS >= .01         8               9.0    -1.0       12
DAYS >= .10         5               6.3    -1.3        9
DAYS >= .50         2               2.6    -0.6        5
DAYS >= 1.00        2               0.8     1.2        3
GREATEST
 24 HR. TOTAL    2.31   04/15 TO 04/15           04/23 TO 04/24


 STORM TOTAL       MM                                 MM
 (MM/DD(HH))            MM                    04/24(00) TO 04/24(00)



SNOWFALL (INCHES)
RECORDS
 TOTAL            0.3   1987
 24 HR TOTAL      0.3   04/03/1987 TO 04/03/1987
 SNOW DEPTH        MM   MM
TOTALS            0.0                 T     0.0      0.0
 LIQUID EQUIV    0.00                MM      MM     0.00
SINCE 7/1         4.7               4.7     0.0      3.6
 LIQUID 7/1      0.47                MM      MM     0.36
SNOWDEPTH AVG.      0                MM      MM        0
DAYS >= TRACE       0               0.1    -0.1        0
DAYS >= 1.0         0               0.0     0.0        0
GREATEST
 SNOW DEPTH         0   MM                             0  MM
 24 HR TOTAL      0.0   MM                       04/24 TO 04/24


 STORM TOTAL       MM                                 MM
 (MM/DD(HH))            MM                    04/24(00) TO 04/24(00)



DEGREE_DAYS
HEATING TOTAL     204               173      31       75
 SINCE 7/1       2915              3006     -91     2155
COOLING TOTAL      12                40     -28       89
 SINCE 1/1         33                48     -15      111

FREEZE DATES
RECORD
 EARLIEST     MM
 LATEST       MM
EARLIEST                        MM
LATEST                          MM
.................................................................

WIND (MPH)
AVERAGE WIND SPEED              7.6
HIGHEST WIND SPEED/DIRECTION    30/200    DATE  04/18
HIGHEST GUST SPEED/DIRECTION    39/210    DATE  04/18

SKY COVER
POSSIBLE SUNSHINE (PERCENT)   MM
AVERAGE SKY COVER           0.30
NUMBER OF DAYS FAIR           17
NUMBER OF DAYS PC              6
NUMBER OF DAYS CLOUDY          7

AVERAGE RH (PERCENT)     61

WEATHER CONDITIONS. NUMBER OF DAYS WITH
THUNDERSTORM              1     MIXED PRECIP               0
HEAVY RAIN                3     RAIN                       5
LIGHT RAIN                9     FREEZING RAIN              0
LT FREEZING RAIN          0     HAIL                       0
HEAVY SNOW                0     SNOW                       0
LIGHT SNOW                0     SLEET                      0
FOG                       9     FOG W/VIS <= 1/4 MILE      3
HAZE                      1

-  INDICATES NEGATIVE NUMBERS.
R  INDICATES RECORD WAS SET OR TIED.
MM INDICATES DATA IS MISSING.
T  INDICATES TRACE AMOUNT.

$$

OUTLAW
