000
CXUS53 KILX 011445
CLMILX
CLIMATE REPORT
NATIONAL WEATHER SERVICE LINCOLN IL
845 AM CST FRI MAR 01 2024
...................................
...THE LINCOLN IL CLIMATE SUMMARY FOR THE MONTH OF FEBRUARY 2024...
CLIMATE NORMAL PERIOD 1991 TO 2020
CLIMATE RECORD PERIOD 1905 TO 2024
WEATHER OBSERVED NORMAL DEPART LAST YEAR`S
VALUE DATE(S) VALUE FROM VALUE
NORMAL
..............................................................
TEMPERATURE (F)
RECORD
HIGH 78 02/27/2024
LOW -23 02/27/1934
HIGHEST 78R 02/27 MM MM 58
LOWEST 7 02/17 MM MM 4
AVG. MAXIMUM 50.8 39.5 11.3 47.4
AVG. MINIMUM 27.3 21.6 5.7 25.5
MEAN 39.0 30.6 8.4 36.5
DAYS MAX >= 90 0 0.0 0.0 0
DAYS MAX <= 32 1 8.0 -7.0 2
DAYS MIN <= 32 24 24.5 -0.5 22
DAYS MIN <= 0 0 1.6 -1.6 0
PRECIPITATION (INCHES)
RECORD
MAXIMUM 4.79 2018
MINIMUM 0.12 1983
TOTALS 0.31 1.92 -1.61 4.69
DAILY AVG. 0.01 NAN NAN 0.17
DAYS >= .01 4 8.9 -4.9 6
DAYS >= .10 1 4.7 -3.7 4
DAYS >= .50 0 1.3 -1.3 2
DAYS >= 1.00 0 0.3 -0.3 1
GREATEST
24 HR. TOTAL 0.26 02/16 TO 02/16 3.40
SNOWFALL (INCHES)
RECORDS
TOTAL 24.0 1914
TOTALS 3.1 6.2 -3.1 T
SINCE 7/1 12.4 17.5 -5.1 MM
DAYS >= 1.0 1 2.0 -1.0 0
GREATEST
SNOW DEPTH 3 02/17 0
02/18
24 HR TOTAL MM MM
DEGREE DAYS
HEATING TOTAL 748 964 -216 792
SINCE 7/1 3784 4420 -636 MM
COOLING TOTAL 0 0 0 0
SINCE 1/1 0 0 0 MM
..............................................................
WIND (MPH)
AVERAGE WIND SPEED MM
HIGHEST WIND SPEED/DIRECTION MM DATE MM
HIGHEST GUST SPEED/DIRECTION MM DATE MM
AVERAGE RH (PERCENT) MM
WEATHER CONDITIONS. NUMBER OF DAYS WITH
THUNDERSTORM 0 MIXED PRECIP 0
HEAVY RAIN 0 RAIN 0
LIGHT RAIN 4 FREEZING RAIN 0
LT FREEZING RAIN 0 HAIL 0
HEAVY SNOW 0 SNOW 0
LIGHT SNOW 1 SLEET 0
FOG 7 FOG W/VIS <= 1/4 MILE 2
HAZE 0
- INDICATES NEGATIVE NUMBERS.
R INDICATES RECORD WAS SET OR TIED.
MM INDICATES DATA IS MISSING.
T INDICATES TRACE AMOUNT.
&&
RECORDS SET DURING FEB 2024:
* 5TH WARMEST FEBRUARY WITH MEAN TEMPERATURE 39F
* 5TH DRIEST FEBRUARY WITH 0.31 INCH PRECIPITATION
* TIED RECORD HIGH OF 65F ON FEB 9
* RECORD HIGH OF 76F ON FEB 26
* RECORD HIGH OF 78F ON FEB 27 AND WARMEST TEMPERATURE IN FEB AND
METEOROLOGICAL WINTER (DEC-FEB)
$$