000
CXUS54 KBMX 041322
CLMMGM


CLIMATE REPORT
NATIONAL WEATHER SERVICE BIRMINGHAM, AL
819 AM CDT FRI MAY 4 2018

...................................

...THE MONTGOMERY CLIMATE SUMMARY FOR THE MONTH OF APRIL 2018...

CLIMATE NORMAL PERIOD 1981 TO 2010
CLIMATE RECORD PERIOD 1872 TO 2018

WEATHER         OBSERVED          NORMAL  DEPART  LAST YEAR`S
                 VALUE   DATE(S)  VALUE   FROM    VALUE  DATE(S)
                                          NORMAL
................................................................
TEMPERATURE (F)
RECORD
 HIGH              94   04/30/2007
 LOW               28   04/01/1987
HIGHEST            85   04/18        MM      MM       90  04/29
                        04/03                             04/28
LOWEST             37   04/16        MM      MM       38  04/08
                        04/05
AVG. MAXIMUM     75.1              76.6    -1.5     82.9
AVG. MINIMUM     48.9              51.6    -2.7     57.5
MEAN             62.0                               70.2
DAYS MAX >= 90      0               0.1    -0.1        2
DAYS MAX <= 32      0               0.0     0.0        0
DAYS MIN <= 32      0               0.2    -0.2        0
DAYS MIN <= 0       0               0.0     0.0        0

PRECIPITATION (INCHES)
RECORD
 MAXIMUM        15.94   1912
 MINIMUM         0.38   1915
TOTALS           3.96              4.02   -0.06     2.76
DAILY AVG.       0.13              0.13    0.00     0.09
DAYS >= .01         8               7.7     0.3        6
DAYS >= .10         6               5.1     0.9        4
DAYS >= .50         4               2.7     1.3        3
DAYS >= 1.00        1               1.3    -0.3        1

DEGREE_DAYS
HEATING TOTAL     109                99      10       26
 SINCE 7/1       2036              2226    -190     1192
COOLING TOTAL      28                72     -44      188
 SINCE 1/1        130               101      29      315
.................................................................

WIND (MPH)
AVERAGE WIND SPEED              7.3
HIGHEST WIND SPEED/DIRECTION    26/270    DATE  04/15
HIGHEST GUST SPEED/DIRECTION    35/290    DATE  04/15

AVERAGE RH (PERCENT)     68

WEATHER CONDITIONS. NUMBER OF DAYS WITH
THUNDERSTORM              4     MIXED PRECIP               0
HEAVY RAIN                5     RAIN                       5
LIGHT RAIN                9     FREEZING RAIN              0
LT FREEZING RAIN          0     HAIL                       0
HEAVY SNOW                0     SNOW                       0
LIGHT SNOW                0     SLEET                      0
FOG                      14     FOG W/VIS <= 1/4 MILE      1
HAZE                      1

-  INDICATES NEGATIVE NUMBERS.
R  INDICATES RECORD WAS SET OR TIED.
MM INDICATES DATA IS MISSING.
T  INDICATES TRACE AMOUNT.

$$
