000
CXHW52 PHFO 011945
CLMOGG


CLIMATE REPORT
NATIONAL WEATHER SERVICE HONOLULU HI
943 AM HST TUE MAY 1 2018

...................................

...THE KAHULUI HI CLIMATE SUMMARY FOR THE MONTH OF APRIL 2018...

CLIMATE NORMAL PERIOD 1981 TO 2010
CLIMATE RECORD PERIOD 1946 TO 2018

WEATHER         OBSERVED          NORMAL  DEPART  LAST YEAR`S
                 VALUE   DATE(S)  VALUE   FROM    VALUE  DATE(S)
                                          NORMAL
................................................................
TEMPERATURE (F)
RECORD
 HIGH              96   04/08/2005
 LOW               54   04/04/1985
HIGHEST            87   04/13        83       4       89  04/23
                                                          04/07
LOWEST             64   04/30        66      -2       61  04/16
                        04/13
AVG. MAXIMUM     81.6              82.4    -0.8     85.0
AVG. MINIMUM     69.5              65.7     3.8     67.0
MEAN             75.5              74.0     1.5     75.8
DAYS MAX >= 90      0               0.0     0.0        0
DAYS MAX <= 32      0               0.0     0.0        0
DAYS MIN <= 32      0               0.0     0.0        0
DAYS MIN <= 0       0               0.0     0.0        0

PRECIPITATION (INCHES)
RECORD
 MAXIMUM        14.29   1989
 MINIMUM         0.03   2008
TOTALS           4.46              1.55    2.91     7.77
DAILY AVG.       0.15              0.05    0.10     0.26
DAYS >= .01        13               9.2     3.8        8
DAYS >= .10         7               2.9     4.1        4
DAYS >= .50         2               0.8     1.2        3
DAYS >= 1.00        1               0.3     0.7        3
GREATEST
 24 HR. TOTAL    2.17   04/08 TO 04/08              3.79

SNOWFALL (INCHES)
RECORDS
 TOTAL             MM   5
TOTALS            0.0               0.0     0.0      0.0
SINCE 7/1         0.0               0.0     0.0      0.0
SNOWDEPTH AVG.     MM                MM      MM       MM
DAYS >= 1.0         0               0.0     0.0        0
GREATEST
 SNOW DEPTH        MM                                 MM  MM
 24 HR TOTAL      0.0   04/30 TO 04/30               0.0

DEGREE_DAYS
HEATING TOTAL       0                 0       0        0
 SINCE 7/1          0                 0       0        0
COOLING TOTAL     312               272      40      288
 SINCE 1/1        989               926      63     1004
.................................................................

WIND (MPH)
AVERAGE WIND SPEED              13.4
HIGHEST WIND SPEED/DIRECTION    30/040    DATE  04/11
HIGHEST GUST SPEED/DIRECTION    39/040    DATE  04/16

SKY COVER
POSSIBLE SUNSHINE (PERCENT)   MM
AVERAGE SKY COVER             MM
NUMBER OF DAYS FAIR            0
NUMBER OF DAYS PC              0
NUMBER OF DAYS CLOUDY          0

AVERAGE RH (PERCENT)     MM

WEATHER CONDITIONS. NUMBER OF DAYS WITH
THUNDERSTORM              2     MIXED PRECIP               0
HEAVY RAIN                0     RAIN                       0
LIGHT RAIN                0     FREEZING RAIN              0
LT FREEZING RAIN          0     HAIL                       0
HEAVY SNOW                0     SNOW                       0
LIGHT SNOW                0     SLEET                      0
FOG                      18     FOG W/VIS <= 1/4 MILE      0
HAZE                      3

-  INDICATES NEGATIVE NUMBERS.
R  INDICATES RECORD WAS SET OR TIED.
MM INDICATES DATA IS MISSING.
T  INDICATES TRACE AMOUNT.

$$
