766
CXAK59 PAFG 031158
CLMOME


CLIMATE REPORT
NATIONAL WEATHER SERVICE FAIRBANKS, AK
351 AM AKDT THU MAY 3 2018

...................................

...THE NOME AK CLIMATE SUMMARY FOR THE MONTH OF APRIL 2018...

CLIMATE NORMAL PERIOD 1981 TO 2010
CLIMATE RECORD PERIOD 1906 TO 2018

WEATHER         OBSERVED          NORMAL  DEPART  LAST YEAR`S
                 VALUE   DATE(S)  VALUE   FROM    VALUE  DATE(S)
                                          NORMAL
................................................................
TEMPERATURE (F)
RECORD
 HIGH              60   04/27/1940
                        04/25/1940
 LOW              -30   04/07/1968
                        04/05/1918
HIGHEST            41   04/13        MM      MM       51  04/30
LOWEST              6   04/02        MM      MM        2  04/02
AVG. MAXIMUM     32.0              27.5     4.5     37.0
AVG. MINIMUM     20.5              13.5     7.0     23.8
MEAN             26.2              20.5     5.7     30.4
DAYS MAX >= 90      0               0.0     0.0        0
DAYS MAX <= 32     16              17.9    -1.9        6
DAYS MIN <= 32     30              27.8     2.2       26
DAYS MIN <= 0       0               6.2    -6.2        0

PRECIPITATION (INCHES)
RECORD
 MAXIMUM         2.16   1961
 MINIMUM            T   1928
TOTALS           0.92              0.76    0.16     0.15
DAILY AVG.       0.03              0.03    0.00     0.01
DAYS >= .01         9               8.5     0.5        4
DAYS >= .10         4               2.6     1.4        1
DAYS >= .50         0               0.0     0.0        0
DAYS >= 1.00        0               0.0     0.0        0
GREATEST
 24 HR. TOTAL    0.28   04/29 TO 04/29           04/13 TO 04/13

SNOWFALL (INCHES)
RECORDS
 TOTAL           23.3   1961
 24 HR TOTAL       MM
 SNOW DEPTH        90   04/19/2007
TOTALS            8.5               7.5     1.0      1.1
SINCE 7/1       115.8              73.1    42.7     54.2
SNOWDEPTH AVG.     32                16      16       21
DAYS >= TRACE      12               8.4     3.6        8
DAYS >= 1.0         4               2.8     1.2        1
GREATEST
 SNOW DEPTH        58   04/01                         35  04/04
                                                          04/03
                                                          04/02
 24 HR TOTAL      3.1   04/29 TO 04/29           04/13 TO 04/13

DEGREE_DAYS
HEATING TOTAL    1152              1335    -183     1029
 SINCE 7/1      10816             12310   -1494    11812
COOLING TOTAL       0                 0       0        0
 SINCE 1/1          0                 0       0        0
.................................................................

WIND (MPH)
AVERAGE WIND SPEED              12.2
HIGHEST WIND SPEED/DIRECTION    35/030    DATE  04/20
HIGHEST GUST SPEED/DIRECTION    45/100    DATE  04/15

SKY COVER
AVERAGE SKY COVER           0.40


WEATHER CONDITIONS. NUMBER OF DAYS WITH
  0
  0
  0
  0
  4
  0
  3
HAZE                      3

-  INDICATES NEGATIVE NUMBERS.
R  INDICATES RECORD WAS SET OR TIED.
MM INDICATES DATA IS MISSING.
T  INDICATES TRACE AMOUNT.

$$
