000
CXUS54 KMOB 012146
CLMPNS


CLIMATE REPORT
NATIONAL WEATHER SERVICE MOBILE AL
430 PM CDT SUN APR 1 2018

...................................

...THE PENSACOLA CLIMATE SUMMARY FOR THE MONTH OF MARCH 2018...

CLIMATE NORMAL PERIOD 1981 TO 2010
CLIMATE RECORD PERIOD 1879 TO 2018

WEATHER         OBSERVED          NORMAL  DEPART  LAST YEAR`S
                 VALUE   DATE(S)  VALUE   FROM    VALUE  DATE(S)
                                          NORMAL
................................................................
TEMPERATURE (F)
RECORD
 HIGH              90   03/22/2017
 LOW               15   03/18/2010
HIGHEST            83   03/01                         90  03/22
LOWEST             39   03/15                         37  03/15
                        03/09
                        03/08
AVG. MAXIMUM     71.9              69.6     2.3     74.5
AVG. MINIMUM     53.5              51.2     2.3     57.1
MEAN             62.7              60.4     2.3     65.8
DAYS MAX >= 90      0               0.0     0.0        1
DAYS MAX <= 32      0               0.0     0.0        0
DAYS MIN <= 32      0               0.6    -0.6        0
DAYS MIN <= 0       0               0.0     0.0        0

PRECIPITATION (INCHES)
RECORD
 MAXIMUM        16.53   1938
 MINIMUM         0.24   2006
TOTALS           2.02              5.81   -3.79     2.36
DAILY AVG.       0.07              0.19   -0.12     0.08
DAYS >= .01        10               8.1     1.9        7
DAYS >= .10         5               6.2    -1.2        5
DAYS >= .50         2               3.5    -1.5        3
DAYS >= 1.00        0               1.8    -1.8        0
GREATEST
 24 HR. TOTAL    0.68   03/11 TO 03/11

SNOWFALL (INCHES)
RECORDS
 TOTAL            0.0   2001
 SNOW DEPTH         0
TOTALS            0.0               0.0     0.0      0.0
SINCE 7/1           T               0.0     0.0      0.0
SNOWDEPTH AVG.      0                                  0
DAYS >= 1.0         0               0.0     0.0        0
GREATEST
 SNOW DEPTH         0                                  0
 24 HR TOTAL      0.0   03/31 TO 03/31

DEGREE_DAYS
HEATING TOTAL     124               176     -52       92
 SINCE 7/1       1147              1484    -337      625
COOLING TOTAL      64                33      31      128
 SINCE 1/1        162                47     115      238
.................................................................

WIND (MPH)
AVERAGE WIND SPEED              9.6
HIGHEST WIND SPEED/DIRECTION    32/340    DATE  03/12
HIGHEST GUST SPEED/DIRECTION    40/340    DATE  03/12

SKY COVER
POSSIBLE SUNSHINE (PERCENT)
AVERAGE SKY COVER           0.30
NUMBER OF DAYS FAIR           18
NUMBER OF DAYS PC              8
NUMBER OF DAYS CLOUDY          5

AVERAGE RH (PERCENT)     64

WEATHER CONDITIONS. NUMBER OF DAYS WITH
THUNDERSTORM              3     MIXED PRECIP               0
HEAVY RAIN                0     RAIN                       5
LIGHT RAIN               11     FREEZING RAIN              0
LT FREEZING RAIN          0     HAIL                       0
HEAVY SNOW                0     SNOW                       0
LIGHT SNOW                0     SLEET                      0
FOG                      11     FOG W/VIS <= 1/4 MILE      2
HAZE                      3


-  INDICATES NEGATIVE NUMBERS.
R  INDICATES RECORD WAS SET OR TIED.
MM INDICATES DATA IS MISSING.
T  INDICATES TRACE AMOUNT.

$$
