000
CXUS51 KPHI 011932
CLMRDG


CLIMATE REPORT
NATIONAL WEATHER SERVICE MOUNT HOLLY NJ
319 PM EDT TUE MAY 1 2018

...................................

...THE READING PA CLIMATE SUMMARY FOR THE MONTH OF APRIL 2018...

CLIMATE NORMAL PERIOD 1981 TO 2010
CLIMATE RECORD PERIOD 1869 TO 2018

WEATHER         OBSERVED          NORMAL  DEPART  LAST YEAR`S
                 VALUE   DATE(S)  VALUE   FROM    VALUE
                                          NORMAL
.............................................................
TEMPERATURE (F)
RECORD
 HIGH              97   04/19/1976
 LOW               12   04/01/1923
HIGHEST            85                MM      MM       86
LOWEST             26                MM      MM       32
AVG. MAXIMUM     58.2              62.4    -4.2     68.5
AVG. MINIMUM     37.6              40.7    -3.1     47.3
MEAN             47.9              51.6    -3.7     57.9
DAYS MAX >= 90      0               0.3    -0.3        0
DAYS MAX <= 32      0               0.0     0.0        0
DAYS MIN <= 32     10               3.4     6.6        1
DAYS MIN <= 0       0               0.0     0.0        0

PRECIPITATION (INCHES)
RECORD
 MAXIMUM         8.25   1983
                        1952
 MINIMUM         0.66   1946
TOTALS           3.70              3.77   -0.07     2.29
DAILY AVG.       0.12              0.13   -0.01     0.08
DAYS >= .01        12                MM      MM       14
DAYS >= .10         8                MM      MM        8
DAYS >= .50         2                MM      MM        1
DAYS >= 1.00        1                MM      MM        0
GREATEST
 24 HR. TOTAL    1.14   04/16 TO 04/16              1.26

DEGREE_DAYS
HEATING TOTAL     514               413     101      234
 SINCE 7/1       5127              5198     -71     4390
COOLING TOTAL      10                 9       1       27
 SINCE 1/1         11                 9       2       27
..............................................................

WIND (MPH)
AVERAGE WIND SPEED              8.6
HIGHEST WIND SPEED/DIRECTION    35/280    DATE  04/04
HIGHEST GUST SPEED/DIRECTION    50/270    DATE  04/04

SKY COVER
POSSIBLE SUNSHINE (PERCENT)   MM
AVERAGE SKY COVER           0.50
NUMBER OF DAYS FAIR            9
NUMBER OF DAYS PC             14
NUMBER OF DAYS CLOUDY          7

AVERAGE RH (PERCENT)     65

WEATHER CONDITIONS. NUMBER OF DAYS WITH
THUNDERSTORM              1     MIXED PRECIP               0
HEAVY RAIN                4     RAIN                       7
LIGHT RAIN               16     FREEZING RAIN              0
LT FREEZING RAIN          0     HEAVY SNOW                 0
SNOW                      1     LIGHT SNOW                 4
SLEET                     0     FOG                       12
FOG W/VIS <= 1/4 MILE     2     HAZE                       0

-  INDICATES NEGATIVE NUMBERS.
R  INDICATES RECORD WAS SET OR TIED.
MM INDICATES DATA IS MISSING.
T  INDICATES TRACE AMOUNT.

$$
