000
CXUS53 KGRB 010800
CLMRHI


CLIMATE REPORT
NATIONAL WEATHER SERVICE GREEN BAY
259 AM CDT SUN APR 1 2018

...................................

...THE RHINELANDER WI CLIMATE SUMMARY FOR THE MONTH OF MARCH 2018...

CLIMATE NORMAL PERIOD 1981 TO 2010
CLIMATE RECORD PERIOD 1908 TO 2018

WEATHER         OBSERVED          NORMAL  DEPART  LAST YEAR`S
                 VALUE   DATE(S)  VALUE   FROM    VALUE  DATE(S)
                                          NORMAL
................................................................
TEMPERATURE (F)
RECORD
 HIGH              79   03/29/1910
 LOW              -34   03/11/1948
HIGHEST            49   03/18        60     -11       60  03/28
LOWEST              0   03/10       -11      11       -5  03/03
AVG. MAXIMUM     36.5              37.2    -0.7     37.5
AVG. MINIMUM     13.0              17.1    -4.1     17.6
MEAN             24.7              27.1    -2.4     27.6
DAYS MAX >= 90      0               0.0     0.0        0
DAYS MAX <= 32      7              10.4    -3.4        9
DAYS MIN <= 32     31              27.6     3.4       25
DAYS MIN <= 0       1               3.3    -2.3        3

PRECIPITATION (INCHES)
RECORD
 MAXIMUM         5.75   1942
 MINIMUM         0.15   1978
TOTALS           1.85              1.57    0.28     1.21
DAILY AVG.       0.06              0.05    0.01     0.04
DAYS >= .01         7                MM      MM       12
DAYS >= .10         5                MM      MM        5
DAYS >= .50         2                MM      MM        0
DAYS >= 1.00        0                MM      MM        0
GREATEST
 STORM TOTAL       MM
 (MM/DD(HH))            MM

SNOWFALL (INCHES)
RECORDS
 TOTAL           27.6   2011
TOTALS           16.5                MM      MM      3.8
SINCE 7/1        72.1                MM      MM     55.3
DAYS >= TRACE       8                MM      MM        9
DAYS >= 1.0         4                MM      MM        1
GREATEST
 SNOW DEPTH        14   03/31                          3  03/01
                        03/13
                        03/12
 24 HR TOTAL      8.8   03/31 TO 03/31

DEGREE_DAYS
HEATING TOTAL    1240              1173      67     1152
 SINCE 7/1       7815              7795      20     6663
COOLING TOTAL       0                 0       0        0
 SINCE 1/1          0                 0       0        0
.................................................................

WIND (MPH)
AVERAGE WIND SPEED              6.7
HIGHEST WIND SPEED/DIRECTION    33/100    DATE  03/05
HIGHEST GUST SPEED/DIRECTION    41/100    DATE  03/05

SKY COVER
POSSIBLE SUNSHINE (PERCENT)   MM
AVERAGE SKY COVER           0.40
NUMBER OF DAYS FAIR           13
NUMBER OF DAYS PC             12
NUMBER OF DAYS CLOUDY          6

AVERAGE RH (PERCENT)     64

WEATHER CONDITIONS. NUMBER OF DAYS WITH
THUNDERSTORM              0     MIXED PRECIP               0
HEAVY RAIN                0     RAIN                       1
LIGHT RAIN                2     FREEZING RAIN              1
LT FREEZING RAIN          1     HAIL                       0
HEAVY SNOW                3     SNOW                       6
LIGHT SNOW                8     SLEET                      0
FOG                      13     FOG W/VIS <= 1/4 MILE      5
HAZE                      2

-  INDICATES NEGATIVE NUMBERS.
R  INDICATES RECORD WAS SET OR TIED.
MM INDICATES DATA IS MISSING.
T  INDICATES TRACE AMOUNT.

$$
