000
CXUS54 KSJT 011553
CLMSJT
CLIMATE REPORT
NATIONAL WEATHER SERVICE SAN ANGELO TX
953 AM CST FRI MAR 01 2024
...................................
...THE SAN ANGELO CLIMATE SUMMARY FOR THE MONTH OF FEBRUARY 2024...
CLIMATE NORMAL PERIOD: 1991 TO 2020
CLIMATE RECORD PERIOD: 1907 TO 2024
WEATHER OBSERVED NORMAL DEPART LAST YEAR`S
VALUE DATE(S) VALUE FROM VALUE DATE(S)
NORMAL
................................................................
TEMPERATURE (F)
RECORD
HIGH 97 02/22/1996
LOW 02/02/1985
HIGHEST 93 02/26 89 02/21
LOWEST 22 02/18 23 02/17
AVG. MAXIMUM 71.2 65.4 5.8 65.3
AVG. MINIMUM 41.8 37.6 4.2 36.7
MEAN 56.5 51.5 5.0 51.0
DAYS MAX >= 90 2 0.3 1.7 0
DAYS MAX <= 32 0 0.4 -0.4 1
DAYS MIN <= 32 5 8.8 -3.8 10
DAYS MIN <= 0 0 0.0 0.0 0
PRECIPITATION (INCHES)
RECORD
MAXIMUM 4.54 1997
MINIMUM 0.00 1926
TOTALS 0.63 1.20 -0.57 0.91
DAILY AVG. 0.02 NAN NAN 0.03
DAYS >= .01 5 4.9 0.1 7
DAYS >= .10 3 2.4 0.6 3
DAYS >= .50 0 0.7 -0.7 0
DAYS >= 1.00 0 0.3 -0.3 0
GREATEST
24 HR. TOTAL 0.30 02/11 TO 02/11 0.32 02/07 TO 02/08
02/10 TO 02/11
02/11 TO 02/11
SNOWFALL (INCHES)
RECORDS
TOTAL 13.0 1924
TOTALS 0.0 MM MM T
SINCE 7/1 1.6 MM MM MM
SNOWDEPTH AVG. 0 0
DAYS >= 1.0 0 MM MM 0
GREATEST
SNOW DEPTH 0 0 MM
DEGREE DAYS
HEATING TOTAL 269 386 -117 392
SINCE 7/1 1704 1846 -142 MM
COOLING TOTAL 28 8 20 6
SINCE 1/1 28 9 19 MM
................................................................
WIND (MPH)
AVERAGE WIND SPEED 9.8
HIGHEST WIND SPEED/DIRECTION 38/340 DATE 02/11
HIGHEST GUST SPEED/DIRECTION 50/340 DATE 02/11
SKY COVER
AVERAGE SKY COVER 0.15
AVERAGE RH (PERCENT) 56
WEATHER CONDITIONS. NUMBER OF DAYS WITH
THUNDERSTORM 3 MIXED PRECIP 0
HEAVY RAIN 2 RAIN 2
LIGHT RAIN 6 FREEZING RAIN 0
LT FREEZING RAIN 0 HAIL 0
HEAVY SNOW 0 SNOW 0
LIGHT SNOW 0 SLEET 0
FOG 3 FOG W/VIS <= 1/4 MILE 0
HAZE 1
- INDICATES NEGATIVE NUMBERS.
R INDICATES RECORD WAS SET OR TIED.
MM INDICATES DATA IS MISSING.
T INDICATES TRACE AMOUNT.
$$