000
CXUS54 KJAN 051944 AAA
CLMTVR

CLIMATE REPORT...UPDATED WEATHER CONDITIONS
NATIONAL WEATHER SERVICE JACKSON MS
243 PM CDT SAT MAY 5 2018

...................................

...THE VICKSBURG CLIMATE SUMMARY FOR THE MONTH OF APRIL 2018...

CLIMATE NORMAL PERIOD 1981 TO 2010
CLIMATE RECORD PERIOD 1948 TO 2018

WEATHER         OBSERVED          NORMAL  DEPART  LAST YEAR`S
                 VALUE   DATE(S)  VALUE   FROM    VALUE
                                          NORMAL
.............................................................
TEMPERATURE (F)
RECORD
 HIGH              92   04/19/2006
                        04/28/2002
                        04/25/1999
 LOW               28   04/04/1987
                        04/15/1950
HIGHEST            85   04/03        MM      MM       88
LOWEST             38   04/08        MM      MM       46
AVG. MAXIMUM     73.1              76.0    -2.9     80.2
AVG. MINIMUM     50.7              53.1    -2.4     57.5
MEAN             61.9              64.5    -2.6     68.9
DAYS MAX >= 90      0               0.4    -0.4        0
DAYS MAX <= 32      0               0.0     0.0        0
DAYS MIN <= 32      0               0.1    -0.1        0
DAYS MIN <= 0       0               0.0     0.0        0

PRECIPITATION (INCHES)
RECORD
 MAXIMUM        17.16   1991
 MINIMUM         0.59   1981
TOTALS           5.90              4.97    0.93    10.98
DAILY AVG.       0.20              0.17    0.03     0.37
DAYS >= .01         7                MM      MM        6
DAYS >= .10         6                MM      MM        6
DAYS >= .50         3                MM      MM        4
DAYS >= 1.00        1                MM      MM        3
GREATEST
 24 HR. TOTAL    3.32   04/06 TO 04/06              7.01

SNOWFALL (INCHES)
TOTALS            0.0

DEGREE_DAYS
HEATING TOTAL     123               100      23       25
 SINCE 7/1       2205              2341    -136     1475
COOLING TOTAL      37                86     -49      149
 SINCE 1/1        136               118      18      286
..............................................................

WIND (MPH)
AVERAGE WIND SPEED              6.9
HIGHEST WIND SPEED/DIRECTION    30/050    DATE  04/06
HIGHEST GUST SPEED/DIRECTION    39/320    DATE  04/03

SKY COVER
POSSIBLE SUNSHINE (PERCENT)   MM
AVERAGE SKY COVER           0.30
NUMBER OF DAYS FAIR           17
NUMBER OF DAYS PC              7
NUMBER OF DAYS CLOUDY          6

AVERAGE RH (PERCENT)     72

WEATHER CONDITIONS. NUMBER OF DAYS WITH
THUNDERSTORM              3     MIXED PRECIP               0
HEAVY RAIN                6     RAIN                       6
LIGHT RAIN                9     FREEZING RAIN              0
LT FREEZING RAIN          0     HAIL                       0
HEAVY SNOW                0     SNOW                       0
LIGHT SNOW                0     SLEET                      0
FOG                      13     FOG W/VIS <= 1/4 MILE      3
HAZE                      0

-  INDICATES NEGATIVE NUMBERS.
R  INDICATES RECORD WAS SET OR TIED.
MM INDICATES DATA IS MISSING.
T  INDICATES TRACE AMOUNT.

$$
