000
CXUS51 KRLX 072055
CLSBKW


CLIMATE REPORT...CORRECTED RECORD DATA
NATIONAL WEATHER SERVICE CHARLESTON WV
352 PM EST WED MAR 7 2018

...................................

...THE BECKLEY WV CLIMATE SUMMARY FOR THE SEASON, FROM
12/1/2017 TO 2/28/2018...

CLIMATE NORMAL PERIOD 1981 TO 2010
CLIMATE RECORD PERIOD 1963 TO 2018

WEATHER         OBSERVED          NORMAL  DEPART  LAST YEAR`S
                 VALUE   DATE(S)  VALUE   FROM    VALUE  DATE(S)
                                          NORMAL
................................................................
TEMPERATURE (F)
RECORD
 HIGH              76   02/22/2018
                        02/20/2018
                        02/20/2018
 LOW              -22   01/21/1985
HIGHEST            76R  02/22                         73
                        02/20
LOWEST             -5   01/02                          0
AVG. MAXIMUM     43.8              41.5     2.3     47.0
AVG. MINIMUM     26.2              24.9     1.3     30.3
MEAN             35.0              33.2     1.8     38.7
DAYS MAX >= 90      0               0.0     0.0        0
DAYS MAX <= 32     21              21.3    -0.3       15
DAYS MIN <= 32     62              67.7    -5.7       53
DAYS MIN <= 0       3               1.9     1.1        1

PRECIPITATION (INCHES)
RECORD
 MAXIMUM        16.02   1937
 MINIMUM         3.65   1983
TOTALS          11.20              8.57    2.63    11.01
DAILY AVG.       0.13              0.10    0.03     0.12
DAYS >= .01        45              43.9     1.1       45
DAYS >= .10        22              21.1     0.9       25
DAYS >= .50         8               4.9     3.1        7
DAYS >= 1.00        4               1.0     3.0        2
GREATEST
 24 HR. TOTAL    1.26

SNOWFALL (INCHES)
RECORDS
 TOTAL          129.6   2010
 24 HR TOTAL     20.0   02/20/2015 TO 02/21/2015
 SNOW DEPTH        31   02/27/1947
TOTALS           28.9              47.5   -18.6     18.6
SINCE 7/1        29.0              50.5   -21.5     18.8
SNOWDEPTH AVG.      1                                  0
DAYS >= TRACE      33              26.6     6.4       19
DAYS >= 1.0        10              14.5    -4.5        6
GREATEST
 SNOW DEPTH         7   02/02                          6  01/07
 24 HR TOTAL      5.0

DEGREE_DAYS
HEATING TOTAL    2707              2861    -154     2359
 SINCE 7/1         MM              4001      MM       MM
COOLING TOTAL       1                 0       1        0
 SINCE 1/1          1                 0       1        0
.................................................................

WIND (MPH)
AVERAGE WIND SPEED              8.3
HIGHEST WIND SPEED/DIRECTION    36/260    DATE  02/23
HIGHEST GUST SPEED/DIRECTION    44/260    DATE  02/23

SKY COVER
POSSIBLE SUNSHINE (PERCENT)   MM
AVERAGE SKY COVER           0.60
NUMBER OF DAYS FAIR           17
NUMBER OF DAYS PC             39
NUMBER OF DAYS CLOUDY         34

AVERAGE RH (PERCENT)     70

WEATHER CONDITIONS. NUMBER OF DAYS WITH
THUNDERSTORM              0     MIXED PRECIP               0
HEAVY RAIN               11     RAIN                      13
LIGHT RAIN               34     FREEZING RAIN              1
LT FREEZING RAIN          2     HAIL                       0
HEAVY SNOW                0     SNOW                       8
LIGHT SNOW               30     SLEET                      0
FOG                      53     FOG W/VIS <= 1/4 MILE      6
HAZE                     18

-  INDICATES NEGATIVE NUMBERS.
R  INDICATES RECORD WAS SET OR TIED.
MM INDICATES DATA IS MISSING.
T  INDICATES TRACE AMOUNT.

$$
