371
CXUS53 KDVN 021555 CCA
CLSBRL

CLIMATE REPORT
NATIONAL WEATHER SERVICE QUAD CITIES IA IL
954 AM CST FRI MAR 2 2018

...CORRECTED TEMPERATURE AND PRECIP SECTIONS...

...................................

...THE BURLINGTON IA CLIMATE SUMMARY FOR THE SEASON, FROM
12/1/2017 TO 2/28/2018...

CLIMATE NORMAL PERIOD 1981 TO 2010
CLIMATE RECORD PERIOD 1897 TO 2018

WEATHER         OBSERVED          NORMAL  DEPART
                 VALUE   DATE(S)  VALUE   FROM
                                          NORMAL
................................................
TEMPERATURE (F)
RECORD
 HIGH              76   02/24/1930
 LOW              -27   02/13/1905
HIGHEST            67   12/04        44      23
LOWEST            -17   01/02        17     -34
AVG. MAXIMUM     35.7              36.8    -1.1
AVG. MINIMUM     17.5              19.8    -2.3
MEAN             26.5              28.3    -1.8
DAYS MAX >= 90      0
DAYS MAX <= 32     35
DAYS MIN <= 32     76
DAYS MIN <= 0      15

PRECIPITATION (INCHES)
TOTALS           4.42              4.95   -0.53
DAILY AVG.       0.05              0.05    0.00
DAYS >= .01        27
DAYS >= .10         8
DAYS >= .50         2
DAYS >= 1.00        2
GREATEST
 24 HR. TOTAL    2.27   02/19 TO 02/20

DEGREE_DAYS
HEATING TOTAL    3442              3305     137
 SINCE 7/1       4493              4378     115
COOLING TOTAL       0                 0       0
 SINCE 1/1          0                 0       0
.................................................

WIND (MPH)
AVERAGE WIND SPEED              9.6
HIGHEST WIND SPEED/DIRECTION    31/300    DATE  12/13
HIGHEST GUST SPEED/DIRECTION    51/290    DATE  12/13

SKY COVER
POSSIBLE SUNSHINE (PERCENT)   MM
AVERAGE SKY COVER           0.40
NUMBER OF DAYS FAIR           37
NUMBER OF DAYS PC             32
NUMBER OF DAYS CLOUDY         21

AVERAGE RH (PERCENT)     69

WEATHER CONDITIONS. NUMBER OF DAYS WITH
THUNDERSTORM              3     HAIL                       0
SLEET                     0     FOG                       42
FOG W/VIS <= 1/4 MILE     7     HAZE                      39

-  INDICATES NEGATIVE NUMBERS.
R  INDICATES RECORD WAS SET OR TIED.
MM INDICATES DATA IS MISSING.
T  INDICATES TRACE AMOUNT.

$$
