000
CXUS51 KCLE 051038
CLSERI


CLIMATE REPORT
NATIONAL WEATHER SERVICE CLEVELAND OH
535 AM EST MON MAR 5 2018

...................................

...THE ERIE PA CLIMATE SUMMARY FOR THE SEASON, FROM
12/1/2017 TO 2/28/2018...

CLIMATE NORMAL PERIOD 1981 TO 2010
CLIMATE RECORD PERIOD 1873 TO 2018

WEATHER         OBSERVED          NORMAL  DEPART
                 VALUE   DATE(S)  VALUE   FROM
                                          NORMAL
................................................
TEMPERATURE (F)
RECORD
 HIGH              77   02/24/2017
 LOW              -18   01/19/1994
HIGHEST            72   02/20
LOWEST                  01/07
AVG. MAXIMUM     36.5              35.8     0.7
AVG. MINIMUM     22.7              22.9    -0.2
MEAN             29.6              29.3     0.3
DAYS MAX >= 90      0               0.0
DAYS MAX <= 32     36              34.5
DAYS MIN <= 32     71              73.1
DAYS MIN <= 0       1               1.9

PRECIPITATION (INCHES)
RECORD
 MAXIMUM        16.20   1887
 MINIMUM         3.00   1906
TOTALS          13.97              9.08    4.89
DAYS >= .01        55              53.8
DAYS >= .10        34              25.8
DAYS >= .50         8               4.1
DAYS >= 1.00        2               0.7

SNOWFALL (INCHES)
RECORDS
 TOTAL          126.0   1978
TOTALS          156.4R             75.3
DAYS >= TRACE      51
DAYS >= 1.0        27              20.7

DEGREE_DAYS
HEATING TOTAL    3181              3210     -29
COOLING TOTAL       2                 0       2
.................................................

WIND (MPH)
HIGHEST GUST SPEED/DIRECTION    53/180    DATE  12/05

SKY COVER
POSSIBLE SUNSHINE (PERCENT)   MM
NUMBER OF DAYS FAIR           13
NUMBER OF DAYS PC             23
NUMBER OF DAYS CLOUDY         54


WEATHER CONDITIONS. NUMBER OF DAYS WITH
THUNDERSTORM              0     MIXED PRECIP               0
HEAVY RAIN                2     RAIN                       6
LIGHT RAIN               24     FREEZING RAIN              2
LT FREEZING RAIN          7     HAIL                       0
HEAVY SNOW               11     SNOW                      27
LIGHT SNOW               48     SLEET                      0
FOG                      62     FOG W/VIS <= 1/4 MILE     16
HAZE                     61

-  INDICATES NEGATIVE NUMBERS.
R  INDICATES RECORD WAS SET OR TIED.
MM INDICATES DATA IS MISSING.
T  INDICATES TRACE AMOUNT.

$$
