000
CXUS51 KOKX 011712
CLSJFK

CLIMATE REPORT
NATIONAL WEATHER SERVICE NEW YORK NY
1149 AM EST THU MAR 1 2018

...................................

...THE KENNEDY NY CLIMATE SUMMARY FOR THE SEASON, FROM
12/1/2017 TO 2/28/2018...

CLIMATE NORMAL PERIOD 1981 TO 2010
CLIMATE RECORD PERIOD 1948 TO 2018

WEATHER         OBSERVED          NORMAL  DEPART  LAST YEAR`S
                 VALUE   DATE(S)  VALUE   FROM    VALUE
                                          NORMAL
.............................................................
TEMPERATURE (F)
RECORD
 HIGH              75   12/07/1998
 LOW               -2   01/21/1985
                        02/08/1963
HIGHEST            65   02/21        MM      MM
LOWEST              4   01/07        MM      MM
AVG. MAXIMUM     41.7              41.6     0.1
AVG. MINIMUM     28.3              28.6    -0.3
MEAN             35.0              35.1    -0.1
DAYS MAX >= 90      0               0.0     0.0
DAYS MAX <= 32     21              13.4     7.6
DAYS MIN <= 32     55              56.9    -1.9
DAYS MIN <= 0       0               0.0     0.0

PRECIPITATION (INCHES)
RECORD
 MAXIMUM        18.20   1979
 MINIMUM         4.34   2002
TOTALS           9.42              9.14    0.28     9.28
DAILY AVG.       0.11              0.10    0.01
DAYS >= .01        35              30.7     4.3
DAYS >= .10        22              17.9     4.1
DAYS >= .50         5               6.2    -1.2
DAYS >= 1.00        2               2.0     0.0
GREATEST
 24 HR. TOTAL    1.30   MM
 STORM TOTAL       MM
 (MM/DD(HH))            MM

SNOWFALL (INCHES)
RECORDS
 TOTAL           47.2   2010
 24 HR TOTAL     30.3   MM
TOTALS           19.0              19.3    -0.3
 LIQUID EQUIV    1.90              1.90    0.00
SINCE 7/1        19.0              19.5    -0.5
 LIQUID 7/1      1.90
DAYS >= TRACE      19              10.8     8.2
DAYS >= 1.0         6               4.1     1.9
GREATEST
 SNOW DEPTH         8   01/08
                        01/06
                        01/07
 24 HR TOTAL      8.0   MM
 STORM TOTAL       MM
 (MM/DD(HH))            MM

DEGREE_DAYS
HEATING TOTAL    2694              2687       7
 SINCE 7/1         MM              3511      MM
COOLING TOTAL       0                 0       0
 SINCE 1/1          0                 0       0
..............................................................

WIND (MPH)
AVERAGE WIND SPEED              12.2
HIGHEST WIND SPEED/DIRECTION    44/340    DATE  01/04
HIGHEST GUST SPEED/DIRECTION    55/330    DATE  01/04

SKY COVER
POSSIBLE SUNSHINE (PERCENT)   MM
AVERAGE SKY COVER           0.70
NUMBER OF DAYS FAIR           11
NUMBER OF DAYS PC             38
NUMBER OF DAYS CLOUDY         41

AVERAGE RH (PERCENT)     68

WEATHER CONDITIONS. NUMBER OF DAYS WITH
  0
 18
  0
  0
  6
  2
 12
HAZE                      0

-  INDICATES NEGATIVE NUMBERS.
R  INDICATES RECORD WAS SET OR TIED.
MM INDICATES DATA IS MISSING.
T  INDICATES TRACE AMOUNT.

$$
