000
CXUS53 KUNR 011551
CLM2WX
CLIMATE REPORT
NATIONAL WEATHER SERVICE RAPID CITY SD
951 AM MDT SUN OCT 01 2023
...................................
...THE BUFFALO SD CLIMATE SUMMARY FOR THE MONTH OF SEPTEMBER 2023...
CLIMATE NORMAL PERIOD 1991 TO 2020
CLIMATE RECORD PERIOD 9999 TO 9999
WEATHER OBSERVED NORMAL DEPART LAST YEAR`S
VALUE DATE(S) VALUE FROM VALUE DATE(S)
NORMAL
................................................................
TEMPERATURE (F)
HIGHEST 101 09/03 105 09/04
LOWEST 44 09/16 41 09/10
AVG. MAXIMUM 77.5 74.9 2.6 82.6
AVG. MINIMUM 51.7 46.3 5.4 50.9
MEAN 64.6 60.6 4.0 66.7
DAYS MAX >= 90 3 8
DAYS MAX <= 32 0 0
DAYS MIN <= 32 0 0
DAYS MIN <= 0 0 0
PRECIPITATION (INCHES)
TOTALS 2.34 1.13 1.21 0.43
DAILY AVG. 0.08 0.04 0.04 0.01
DAYS >= .01 8 3
DAYS >= .10 5 2
DAYS >= .50 2 0
DAYS >= 1.00 0 0
GREATEST
24 HR. TOTAL 1.62 09/04 TO 09/05 0.42
DEGREE DAYS
HEATING TOTAL 70 190 -120 67
SINCE 7/1 86 233 -147 MM
COOLING TOTAL 68 58 10 125
SINCE 1/1 695 576 119 MM
................................................................
WIND (MPH)
AVERAGE WIND SPEED 10.4
HIGHEST WIND SPEED/DIRECTION 51/230 DATE 09/04
HIGHEST GUST SPEED/DIRECTION 71/230 DATE 09/04
AVERAGE RH (PERCENT) 62
- INDICATES NEGATIVE NUMBERS.
R INDICATES RECORD WAS SET OR TIED.
MM INDICATES DATA IS MISSING.
T INDICATES TRACE AMOUNT.
$$