000
CXUS53 KABR 011514
CLM8D3
CLIMATE REPORT
NATIONAL WEATHER SERVICE ABERDEEN SD
914 AM CST THU FEB 01 2024
...................................
...THE SISSETON SD CLIMATE SUMMARY FOR THE MONTH OF JANUARY 2024...
CLIMATE NORMAL PERIOD 1991 TO 2020
CLIMATE RECORD PERIOD 1932 TO 2024
WEATHER OBSERVED NORMAL DEPART LAST YEAR`S
VALUE DATE(S) VALUE FROM VALUE DATE(S)
NORMAL
................................................................
TEMPERATURE (F)
RECORD
HIGH 65 01/24/1981
LOW -37 01/24/1936
HIGHEST 56 01/31 MM MM 40 01/15
LOWEST -15 01/14 MM MM -14 01/30
AVG. MAXIMUM 23.7 22.6 1.1 24.5
AVG. MINIMUM 10.6 4.1 6.5 8.0
MEAN 17.1 13.3 3.8 16.3
DAYS MAX >= 90 0 0.0 0.0 0
DAYS MAX <= 32 20 22.5 -2.5 25
DAYS MIN <= 32 31 30.4 0.6 31
DAYS MIN <= 0 9 13.0 -4.0 7
PRECIPITATION (INCHES)
RECORD
MAXIMUM 2.01 1952
MINIMUM T 1974
TOTALS 0.17 0.63 -0.46 0.18
DAYS >= .01 5 8.8 -3.8 7
DAYS >= .10 1 1.4 -0.4 0
DAYS >= .50 0 0.0 0.0 0
DAYS >= 1.00 0 0.0 0.0 0
SNOWFALL (INCHES)
RECORDS
TOTAL 29.4 1997
SNOW DEPTH 35 01/26/2011
01/25/2011
01/24/2011
TOTALS 1.6 6.2 -4.6 3.1
SINCE 7/1 3.6 17.3 -13.7 MM
SNOWDEPTH AVG. 1 11
DAYS >= TRACE 10 5.6 4.4 10
DAYS >= 1.0 1 2.3 -1.3 1
GREATEST
SNOW DEPTH 2 01/22 16 01/05
01/23
01/24
DEGREE DAYS
HEATING TOTAL 1479 1601 -122 1505
SINCE 7/1 4079 4807 -728 MM
COOLING TOTAL 0 0 0 0
SINCE 1/1 0 0 0 MM
FREEZE DATES
RECORD
EARLIEST MM
LATEST MM
EARLIEST 10/07
LATEST 04/26
................................................................
WIND (MPH)
AVERAGE WIND SPEED 10.9
RESULTANT WIND SPEED/DIRECTION 5/300
HIGHEST WIND SPEED/DIRECTION 35/320 DATE 01/13
HIGHEST GUST SPEED/DIRECTION 47/300 DATE 01/15
SKY COVER
POSSIBLE SUNSHINE (PERCENT) MM
AVERAGE SKY COVER 0.00
NUMBER OF DAYS FAIR 30
NUMBER OF DAYS PC 0
NUMBER OF DAYS CLOUDY 0
AVERAGE RH (PERCENT) 76
WEATHER CONDITIONS. NUMBER OF DAYS WITH
THUNDERSTORM 0 MIXED PRECIP 0
HEAVY RAIN 0 RAIN 0
LIGHT RAIN 0 FREEZING RAIN 0
LT FREEZING RAIN 0 HAIL 0
HEAVY SNOW 0 SNOW 0
LIGHT SNOW 0 SLEET 0
FOG 0 FOG W/VIS <= 1/4 MILE 0
HAZE 0
- INDICATES NEGATIVE NUMBERS.
R INDICATES RECORD WAS SET OR TIED.
MM INDICATES DATA IS MISSING.
T INDICATES TRACE AMOUNT.
$$