000
CXUS53 KFSD 010910
CF69V9
PRELIMINARY LOCAL CLIMATOLOGICAL DATA (WS FORM: F-6)
STATION: CHAMBERLAIN
MONTH: NOVEMBER
YEAR: 2023
LATITUDE: 43 46 N
LONGITUDE: 99 19 W
TEMPERATURE IN F: :PCPN: SNOW: WIND :SUNSHINE: SKY :PK WND
================================================================================
1 2 3 4 5 6A 6B 7 8 9 10 11 12 13 14 15 16 17 18
12Z AVG MX 2MIN
DY MAX MIN AVG DEP HDD CDD WTR SNW DPTH SPD SPD DIR MIN PSBL S-S WX SPD DR
================================================================================
1 52 23 38 -4 27 0 M M M 6.6 13 310 M M 1 17 300
2 57 22 40 -2 25 0 M M M 3.9 12 140 M M 1 1 M M
3 51 30 41 0 24 0 M M M 4.7 9 290 M M 8 M M
4 64 24 44 3 21 0 M M M 2.5 6 250 M M 0 1 M M
5 73 36 55 15 10 0 M M M 7.3 15 320 M M 1 20 320
6 64 40 52 12 13 0 M M M 8.5 14 270 M M 0 23 270
7 59 34 47 8 18 0 M M M 8.8 16 140 M M 0 20 120
8 54 29 42 4 23 0 M M M 10.4 25 320 M M 4 37 320
9 47 19 33 -5 32 0 M M M 11.8 27 310 M M 3 36 310
10 45 18 32 -5 33 0 M M M 4.6 13 110 M M 1 M M
11 49 20 35 -2 30 0 M M M 2.6 9 120 M M 0 M M
12 61 22 42 6 23 0 M M M 5.6 18 300 M M 0 1 21 310
13 69 24 47 11 18 0 M M M 11.7 24 180 M M 0 31 190
14 64 29 47 12 18 0 M M M 11.1 23 220 M M 0 31 210
15 67 23 45 11 20 0 M M M 8.3 18 190 M M 0 23 170
16 59 23 41 7 24 0 M M M 12.1 24 310 M M 0 35 320
17 54 17 36 3 29 0 M M M 5.1 13 300 M M 0 18 200
18 65 26 46 13 19 0 M M M 3.1 9 190 M M 0 M M
19 54 32 43 11 22 0 M M M 7.0 12 170 M M 5 16 170
20 47 40 44 12 21 0 0.01 M M 7.5 16 330 M M 9 27 330
21 44 24 34 3 31 0 M M M 11.8 20 340 M M 0 25 330
22 62 27 45 14 20 0 M M M 9.0 16 320 M M 0 24 320
23 32 18 25 -5 40 0 M M M 7.6 12 10 M M 5 18 20
24 23 13 18 -12 47 0 M M M 3.0 8 40 M M 4 M M
25 29 12 21 -8 44 0 M M M 5.7 9 270 M M 4 18 250
26 34 14 24 -5 41 0 M M M 18.4 32 330 M M 3 40 330
27 32 14 23 -5 42 0 M M M 8.3 18 320 M M 3 25 310
28 51 14 33 5 32 0 M M M 7.4 17 290 M M 0 21 290
29 56 22 39 12 26 0 M M M 6.2 13 170 M M 0 18 300
30 38 15 27 0 38 0 0.00 0.0 M 7.8 16 340 M M 0 M M
================================================================================
SM 1556 704 811 0 0.01 0.0 228.4 M 52
================================================================================
AV 51.9 23.5 7.6 FASTST M M 2 MAX(MPH)
MISC ----> 32 330 40 330
================================================================================
NOTES:
# LAST OF SEVERAL OCCURRENCES
COLUMN 17 PEAK WIND IN M.P.H.
PRELIMINARY LOCAL CLIMATOLOGICAL DATA (WS FORM: F-6) , PAGE 2
STATION: CHAMBERLAIN
MONTH: NOVEMBER
YEAR: 2023
LATITUDE: 43 46 N
LONGITUDE: 99 19 W
[TEMPERATURE DATA] [PRECIPITATION DATA] SYMBOLS USED IN COLUMN 16
AVERAGE MONTHLY: 37.7 TOTAL FOR MONTH: 0.01 1 = FOG OR MIST
DPTR FM NORMAL: 3.4 DPTR FM NORMAL: -0.63 2 = FOG REDUCING VISIBILITY
HIGHEST: 73 ON 5 GRTST 24HR 0.01 ON 20-20 TO 1/4 MILE OR LESS
LOWEST: 12 ON 25 3 = THUNDER
SNOW, ICE PELLETS, HAIL 4 = ICE PELLETS
TOTAL MONTH: 0.0 INCH 5 = HAIL
GRTST 24HR 0.0 6 = FREEZING RAIN OR DRIZZLE
GRTST DEPTH: M ON M 7 = DUSTSTORM OR SANDSTORM:
VSBY 1/2 MILE OR LESS
8 = SMOKE OR HAZE
[NO. OF DAYS WITH] [WEATHER - DAYS WITH] 9 = BLOWING SNOW
X = TORNADO
MAX 32 OR BELOW: 4 0.01 INCH OR MORE: 1
MAX 90 OR ABOVE: 0 0.10 INCH OR MORE: 0
MIN 32 OR BELOW: 26 0.50 INCH OR MORE: 0
MIN 0 OR BELOW: 0 1.00 INCH OR MORE: 0
[HDD (BASE 65) ]
TOTAL THIS MO. 811 CLEAR (SCALE 0-3) 21
DPTR FM NORMAL -110 PTCLDY (SCALE 4-7) 8
TOTAL FM JUL 1 1406 CLOUDY (SCALE 8-10) 1
DPTR FM NORMAL -147
[CDD (BASE 65) ]
TOTAL THIS MO. 0
DPTR FM NORMAL 0 [PRESSURE DATA]
TOTAL FM JAN 1 876 HIGHEST SLP M ON M
DPTR FM NORMAL 19 LOWEST SLP M ON M
[REMARKS]
#FINAL-11-23#