000
CXUS51 KPHI 010915
CF6ABE
PRELIMINARY LOCAL CLIMATOLOGICAL DATA (WS FORM: F-6)
STATION: ALLENTOWN PA
MONTH: DECEMBER
YEAR: 2022
LATITUDE: 40 39 N
LONGITUDE: 75 26 W
TEMPERATURE IN F: :PCPN: SNOW: WIND :SUNSHINE: SKY :PK WND
================================================================================
1 2 3 4 5 6A 6B 7 8 9 10 11 12 13 14 15 16 17 18
12Z AVG MX 2MIN
DY MAX MIN AVG DEP HDD CDD WTR SNW DPTH SPD SPD DIR MIN PSBL S-S WX SPD DR
================================================================================
1 40 23 32 -7 33 0 0.00 0.0 0 11.6 24 290 M M 3 34 320
2 43 19 31 -7 34 0 0.00 0.0 0 3.8 12 200 M M 2 16 150
3 57 38 48 10 17 0 0.39 0.0 0 10.5 23 310 M M 7 1 30 300
4 43 23 33 -5 32 0 0.00 0.0 0 6.0 15 310 M M 1 22 300
5 46 18 32 -6 33 0 0.00 0.0 0 3.1 10 180 M M 0 19 170
6 54 26 40 3 25 0 1.27 0.0 0 4.7 10 90 M M 9 1 14 120
7 53 45 49 12 16 0 0.08 0.0 0 2.8 9 220 M M 10 12 14 230
8 53 36 45 8 20 0 0.00 0.0 0 8.6 20 340 M M 5 1 23 340
9 47 25 36 0 29 0 0.00 0.0 0 4.0 12 40 M M 0 15 50
10 43 20 32 -4 33 0 0.00 0.0 0 5.3 13 70 M M 1 16 50
11 34 32 33 -3 32 0 0.16 T 0 4.4 12 70 M M 10 1 14 70
12 39 25 32 -4 33 0 0.00 0.0 0 8.1 16 350 M M 8 1 21 350
13 40 20 30 -6 35 0 0.00 0.0 0 5.0 12 330 M M 0 14 330
14 39 21 30 -5 35 0 0.00 0.0 0 6.6 18 350 M M 0 25 330
15 36 28 32 -3 33 0 0.72 1.3 0 11.5 18 60 M M 7 146 23 50
16 42 35 39 4 26 0 0.35 0.0 T 9.9 21 50 M M 10 1 26 60
17 41 31 36 2 29 0 0.00 0.0 0 8.3 20 300 M M 8 26 290
18 39 26 33 -1 32 0 0.00 0.0 0 8.7 17 300 M M 6 23 260
19 33 23 28 -6 37 0 0.00 0.0 0 9.3 18 290 M M 5 25 290
20 38 20 29 -5 36 0 0.00 0.0 0 6.4 17 350 M M 2 24 290
21 40 17 29 -5 36 0 0.00 0.0 0 1.1 6 70 M M 0 8 220
22 45 24 35 2 30 0 0.70 T 0 9.8 25 80 M M 7 146 34 80
23 57 4 31 -2 34 0 0.41 0.1 0 19.4 33 270 M M 10 1 45 250
24 13 3 8 -25 57 0 T T 0 15.5 25 250 M M 4 34 240
25 26 11 19 -14 46 0 0.00 0.0 0 12.7 22 250 M M 4 31 270
26 27 14 21 -12 44 0 0.00 0.0 0 7.1 16 270 M M 3 20 280
27 33 25 29 -3 36 0 0.00 0.0 0 5.5 12 290 M M 10 15 260
28 47 24 36 4 29 0 0.00 0.0 0 3.7 15 230 M M 2 8 19 230
29 51 20 36 4 29 0 0.00 0.0 0 1.6 12 240 M M 0 18 14 230
30 59 27 43 11 22 0 0.00 0.0 0 1.3 7 310 M M 6 1 8 310
31 47 31 39 7 26 0 0.35 0.0 0 2.4 8 80 M M 8 12 9 80
================================================================================
SM 1305 734 989 0 4.43 1.4 218.7 M 148
================================================================================
AV 42.1 23.7 7.1 FASTST M M 5 MAX(MPH)
MISC ----> 33 270 45 250
================================================================================
NOTES:
# LAST OF SEVERAL OCCURRENCES
COLUMN 17 PEAK WIND IN M.P.H.
PRELIMINARY LOCAL CLIMATOLOGICAL DATA (WS FORM: F-6) , PAGE 2
STATION: ALLENTOWN PA
MONTH: DECEMBER
YEAR: 2022
LATITUDE: 40 39 N
LONGITUDE: 75 26 W
[TEMPERATURE DATA] [PRECIPITATION DATA] SYMBOLS USED IN COLUMN 16
AVERAGE MONTHLY: 32.9 TOTAL FOR MONTH: 4.43 1 = FOG OR MIST
DPTR FM NORMAL: -2.1 DPTR FM NORMAL: 0.57 2 = FOG REDUCING VISIBILITY
HIGHEST: 59 ON 30 GRTST 24HR 1.35 ON 6- 7 TO 1/4 MILE OR LESS
LOWEST: 3 ON 24 3 = THUNDER
SNOW, ICE PELLETS, HAIL 4 = ICE PELLETS
TOTAL MONTH: 1.4 INCHES 5 = HAIL
GRTST 24HR 1.3 ON 15-15 6 = FREEZING RAIN OR DRIZZLE
GRTST DEPTH: T 7 = DUSTSTORM OR SANDSTORM:
VSBY 1/2 MILE OR LESS
8 = SMOKE OR HAZE
[NO. OF DAYS WITH] [WEATHER - DAYS WITH] 9 = BLOWING SNOW
X = TORNADO
MAX 32 OR BELOW: 3 0.01 INCH OR MORE: 9
MAX 90 OR ABOVE: 0 0.10 INCH OR MORE: 8
MIN 32 OR BELOW: 27 0.50 INCH OR MORE: 3
MIN 0 OR BELOW: 0 1.00 INCH OR MORE: 1
[HDD (BASE 65) ]
TOTAL THIS MO. 989 CLEAR (SCALE 0-3) 12
DPTR FM NORMAL 57 PTCLDY (SCALE 4-7) 12
TOTAL FM JUL 1 2090 CLOUDY (SCALE 8-10) 7
DPTR FM NORMAL 120
[CDD (BASE 65) ]
TOTAL THIS MO. 0
DPTR FM NORMAL 0 [PRESSURE DATA]
TOTAL FM JAN 1 986 HIGHEST SLP 30.57 ON 2
DPTR FM NORMAL 5 LOWEST SLP 29.10 ON 23
[REMARKS]
#FINAL-12-22#