000
CXUS54 KFWD 040417
CF6ACT
PRELIMINARY LOCAL CLIMATOLOGICAL DATA (WS FORM: F-6)
STATION: WACO
MONTH: OCTOBER
YEAR: 2020
LATITUDE: 31 37 N
LONGITUDE: 97 13 W
TEMPERATURE IN F: :PCPN: SNOW: WIND :SUNSHINE: SKY :PK WND
================================================================================
1 2 3 4 5 6A 6B 7 8 9 10 11 12 13 14 15 16 17 18
12Z AVG MX 2MIN
DY MAX MIN AVG DEP HDD CDD WTR SNW DPTH SPD SPD DIR MIN PSBL S-S WX SPD DR
================================================================================
1 85 50 68 -5 0 3 0.00 0.0 0 7.2 20 60 M M 0 24 60
2 80 49 65 -7 0 0 0.00 0.0 0 4.7 10 130 M M 0 14 100
3 84 57 71 -1 0 6 0.00 0.0 0 10.0 17 180 M M 0 23 180
4 82 54 68 -4 0 3 0.00 0.0 0 6.8 17 30 M M 2 23 30
5 82 49 66 -6 0 1 0.00 0.0 0 5.2 10 130 M M 0 13 150
6 86 59 73 2 0 8 0.00 0.0 0 6.0 13 190 M M 0 18 180
7 88 58 73 2 0 8 0.00 0.0 0 3.3 10 60 M M 0 18 14 110
8 88 56 72 1 0 7 0.00 0.0 0 3.7 10 60 M M 2 15 70
9 88 65 77 7 0 12 0.00 0.0 0 6.2 15 60 M M 5 18 20 40
10 90 61 76 6 0 11 0.00 0.0 0 4.7 12 160 M M 2 1 16 160
11 97 69 83 13 0 18 0.00 0.0 0 10.8 17 180 M M 0 23 180
12 84 53 69 -1 0 4 0.00 0.0 0 10.9 22 340 M M 2 8 32 330
13 85 46 66 -3 0 1 0.00 0.0 0 2.0 8 160 M M 0 12 150
14 92 55 74 5 0 9 0.00 0.0 0 11.0 21 180 M M 0 18 28 180
15 86 66 76 7 0 11 T 0.0 0 15.0 25 30 M M 5 35 30
16 75 51 63 -5 2 0 0.00 0.0 0 10.3 23 20 M M 3 32 30
17 80 49 65 -3 0 0 0.00 0.0 0 12.2 25 170 M M 5 35 180
18 90 72 81 13 0 16 0.00 0.0 0 15.9 28 180 M M 3 35 180
19 79 58 69 2 0 4 0.00 0.0 0 7.3 14 340 M M 6 18 340
20 89 66 78 11 0 13 0.00 0.0 0 10.2 21 150 M M 5 29 150
21 87 71 79 12 0 14 0.00 0.0 0 9.8 16 130 M M 4 22 130
22 88 70 79 13 0 14 0.00 0.0 0 11.5 17 140 M M 3 1 24 170
23 76 52 64 -2 1 0 0.87 0.0 0 13.4 31 350 M M 9 13 45 350
24 65 47 56 -10 9 0 0.00 0.0 0 7.0 15 350 M M 6 19 350
25 71 53 62 -4 3 0 0.00 0.0 0 7.1 14 60 M M 7 18 17 160
26 62 40 51 -14 14 0 0.22 0.0 0 14.2 23 350 M M 10 1 29 340
27 42 39 41 -24 24 0 0.01 M 0 12.2 18 350 M M 9 1 24 340
28 55 38 47 -17 18 0 0.63 M 0 10.9 20 320 M M 6 1 28 320
29 58 38 48 -16 17 0 0.00 0.0 0 11.2 25 320 M M 5 37 310
30 69 36 53 -11 12 0 0.00 0.0 0 3.8 9 340 M M 0 8 13 330
31 73 37 55 -9 10 0 0.00 0.0 0 4.3 15 160 M M 0 19 170
================================================================================
SM 2456 1664 110 163 1.73 0.0 268.8 M 99
================================================================================
AV 79.2 53.7 8.7 FASTST M M 3 MAX(MPH)
MISC ----> # 31 350 # 45 350
================================================================================
NOTES:
# LAST OF SEVERAL OCCURRENCES
COLUMN 17 PEAK WIND IN M.P.H.
PRELIMINARY LOCAL CLIMATOLOGICAL DATA (WS FORM: F-6) , PAGE 2
STATION: WACO
MONTH: OCTOBER
YEAR: 2020
LATITUDE: 31 37 N
LONGITUDE: 97 13 W
[TEMPERATURE DATA] [PRECIPITATION DATA] SYMBOLS USED IN COLUMN 16
AVERAGE MONTHLY: 66.5 TOTAL FOR MONTH: 1.73 1 = FOG OR MIST
DPTR FM NORMAL: -1.8 DPTR FM NORMAL: -2.17 2 = FOG REDUCING VISIBILITY
HIGHEST: 97 ON 11 GRTST 24HR 0.87 ON 23-23 TO 1/4 MILE OR LESS
LOWEST: 36 ON 30 3 = THUNDER
SNOW, ICE PELLETS, HAIL 4 = ICE PELLETS
TOTAL MONTH: 0.0 INCH 5 = HAIL
GRTST 24HR 0.0 6 = FREEZING RAIN OR DRIZZLE
GRTST DEPTH: 0 7 = DUSTSTORM OR SANDSTORM:
VSBY 1/2 MILE OR LESS
8 = SMOKE OR HAZE
[NO. OF DAYS WITH] [WEATHER - DAYS WITH] 9 = BLOWING SNOW
X = TORNADO
MAX 32 OR BELOW: 0 0.01 INCH OR MORE: 4
MAX 90 OR ABOVE: 4 0.10 INCH OR MORE: 3
MIN 32 OR BELOW: 0 0.50 INCH OR MORE: 2
MIN 0 OR BELOW: 0 1.00 INCH OR MORE: 0
[HDD (BASE 65) ]
TOTAL THIS MO. 110 CLEAR (SCALE 0-3) 15
DPTR FM NORMAL 49 PTCLDY (SCALE 4-7) 13
TOTAL FM JUL 1 113 CLOUDY (SCALE 8-10) 3
DPTR FM NORMAL 46
[CDD (BASE 65) ]
TOTAL THIS MO. 163
DPTR FM NORMAL 1 [PRESSURE DATA]
TOTAL FM JAN 1 2863 HIGHEST SLP 30.35 ON 30
DPTR FM NORMAL 107 LOWEST SLP 29.72 ON 11
[REMARKS]
EDITED PRECIP ON 8TH, 17TH, AND 24TH
#FINAL-10-20#