000
CXAK56 PAFC 141601
CF6AKN
PRELIMINARY LOCAL CLIMATOLOGICAL DATA (WS FORM: F-6)
STATION: KING SALMON
MONTH: MAY
YEAR: 2020
LATITUDE: 58 41 N
LONGITUDE: 156 39 W
TEMPERATURE IN F: :PCPN: SNOW: WIND :SUNSHINE: SKY :PK WND
================================================================================
1 2 3 4 5 6A 6B 7 8 9 10 11 12 13 14 15 16 17 18
12Z AVG MX 2MIN
DY MAX MIN AVG DEP HDD CDD WTR SNW DPTH SPD SPD DIR MIN PSBL S-S WX SPD DR
================================================================================
1 51 28 40 0 25 0 T M M 4.0 14 250 M M 9 1 19 80
2 58 27 43 3 22 0 0.00 M M 6.5 16 340 M M 6 1 21 340
3 58 34 46 6 19 0 0.00 M M 7.8 17 270 M M 5 22 260
4 52 32 42 1 23 0 T M M 7.6 14 290 M M 7 18 280
5 58 32 45 4 20 0 0.00 M M 7.5 20 90 M M 6 12 28 80
6 59 32 46 5 19 0 0.00 M M 7.2 14 70 M M 3 18 70
7 57 32 45 3 20 0 0.00 M M 14.4 33 60 M M 4 8 44 50
8 57 38 48 6 17 0 0.00 M M 16.1 31 100 M M 4 43 100
9 60 33 47 5 18 0 T M M 11.9 26 110 M M 4 34 110
10 58 38 48 5 17 0 0.01 M M 9.0 20 180 M M 8 25 180
11 49 38 44 1 21 0 0.19 M M 7.7 15 230 M M 9 1 20 230
12 53 37 45 2 20 0 T M M 6.7 15 150 M M 10 19 150
13 62 27 45 1 20 0 T M M 4.0 12 30 M M 8 12 18 20
14 58 34 46 2 19 0 T M M 6.1 14 220 M M 8 17 190
15 63 40 52 8 13 0 T M M 11.5 26 90 M M 5 35 80
16 62 32 47 3 18 0 0.00 M M 4.8 15 280 M M 2 20 270
17 64 34 49 4 16 0 0.00 M M 5.6 15 200 M M 7 20 200
18 50 42 46 1 19 0 0.70 M M 5.0 12 240 M M 10 1 14 30
19 58 41 50 5 15 0 0.03 M M 7.3 16 270 M M 8 1 19 260
20 59 40 50 5 15 0 0.06 M M 12.7 30 170 M M 8 1 37 170
21 55 43 49 3 16 0 0.10 M M 8.9 18 100 M M 10 1 25 110
22 58 42 50 4 15 0 T M M 7.5 18 160 M M 9 22 150
23 57 35 46 0 19 0 T M M 7.8 25 160 M M 8 32 160
24 58 36 47 1 18 0 0.01 M M 13.3 23 150 M M 6 32 150
25 58 36 47 0 18 0 0.00 M M 11.9 26 160 M M 4 31 170
26 56 37 47 0 18 0 T M M 9.2 20 180 M M 8 25 150
27 61 34 48 1 17 0 T M M 5.3 16 290 M M 8 26 320
28 70 31 51 4 14 0 0.00 M M 9.1 23 350 M M 3 33 350
29 75 41 58 10 7 0 0.00 M M 6.1 15 290 M M 2 18 290
30 71 45 58 10 7 0 T M M 6.0 18 200 M M 5 24 190
31 61 45 53 5 12 0 0.01 M M 9.4 22 90 M M 8 31 100
================================================================================
SM 1826 1116 537 0 1.11 M 257.9 M 202
================================================================================
AV 58.9 36.0 8.3 FASTST M M 7 MAX(MPH)
MISC ----> 33 60 44 50
================================================================================
NOTES:
# LAST OF SEVERAL OCCURRENCES
COLUMN 17 PEAK WIND IN M.P.H.
PRELIMINARY LOCAL CLIMATOLOGICAL DATA (WS FORM: F-6) , PAGE 2
STATION: KING SALMON
MONTH: MAY
YEAR: 2020
LATITUDE: 58 41 N
LONGITUDE: 156 39 W
[TEMPERATURE DATA] [PRECIPITATION DATA] SYMBOLS USED IN COLUMN 16
AVERAGE MONTHLY: 47.5 TOTAL FOR MONTH: 1.11 1 = FOG OR MIST
DPTR FM NORMAL: 3.3 DPTR FM NORMAL: -0.14 2 = FOG REDUCING VISIBILITY
HIGHEST: 75 ON 29 GRTST 24HR 0.73 ON 18-19 TO 1/4 MILE OR LESS
LOWEST: 27 ON 13, 2 3 = THUNDER
SNOW, ICE PELLETS, HAIL 4 = ICE PELLETS
TOTAL MONTH: 0.0 INCH 5 = HAIL
GRTST 24HR M ON M 6 = FREEZING RAIN OR DRIZZLE
GRTST DEPTH: 0 7 = DUSTSTORM OR SANDSTORM:
VSBY 1/2 MILE OR LESS
8 = SMOKE OR HAZE
[NO. OF DAYS WITH] [WEATHER - DAYS WITH] 9 = BLOWING SNOW
X = TORNADO
MAX 32 OR BELOW: 0 0.01 INCH OR MORE: 8
MAX 90 OR ABOVE: 0 0.10 INCH OR MORE: 3
MIN 32 OR BELOW: 9 0.50 INCH OR MORE: 1
MIN 0 OR BELOW: 0 1.00 INCH OR MORE: 0
[HDD (BASE 65) ]
TOTAL THIS MO. 537 CLEAR (SCALE 0-3) 4
DPTR FM NORMAL -109 PTCLDY (SCALE 4-7) 21
TOTAL FM JUL 1 9941 CLOUDY (SCALE 8-10) 6
DPTR FM NORMAL -530
[CDD (BASE 65) ]
TOTAL THIS MO. 0
DPTR FM NORMAL 0 [PRESSURE DATA]
TOTAL FM JAN 1 0 HIGHEST SLP M ON M
DPTR FM NORMAL 0 LOWEST SLP 29.38 ON 23
[REMARKS]
#FINAL-05-20#